{"id":1065,"date":"2014-07-13T10:17:21","date_gmt":"2014-07-13T09:17:21","guid":{"rendered":"http:\/\/www.ffzg.unizg.hr\/umjetnostrijeci\/?page_id=1065"},"modified":"2014-07-13T10:47:00","modified_gmt":"2014-07-13T09:47:00","slug":"2007-li-br-1-2","status":"publish","type":"page","link":"https:\/\/umjetnostrijeci.ffzg.unizg.hr\/?page_id=1065","title":{"rendered":"2007. (LI) Br. 1&#8211;2"},"content":{"rendered":"<table border=\"0\">\n<tbody>\n<tr>\n<td><a href=\"http:\/\/www.ffzg.unizg.hr\/umjetnostrijeci\/wp-content\/uploads\/2014\/07\/2007-1-2-001-Plejic.pdf\" target=\"_blank\">Samorazumijevanje hrvatske ranonovovjekovne satire u svjetlu suvremenih odre\u0111enja<\/a><br \/>Lahorka Pleji\u0107-Poje (Filozofski fakultet, Zagreb)<\/td>\n<td>1&#8211;16.<\/td>\n<\/tr>\n<tr>\n<td><a href=\"http:\/\/www.ffzg.unizg.hr\/umjetnostrijeci\/wp-content\/uploads\/2014\/07\/2007-1-2-002-Antonina.pdf\" target=\"_blank\">Nacionalni prostor u <em>Razgovoru ugodnom naroda slovinskoga<\/em> Andrije Ka\u010di\u0107a Mio\u0161i\u0107a<\/a><br \/>Divina Mrde\u017ea-Antonina (Sveu\u010dili\u0161te u Zadru)<\/td>\n<td>17&#8211;40.<\/td>\n<\/tr>\n<tr>\n<td><a href=\"http:\/\/www.ffzg.unizg.hr\/umjetnostrijeci\/wp-content\/uploads\/2014\/07\/2007-1-2-003-Psihistal.pdf\" target=\"_blank\">Prigodnice fra Grge Marti\u0107a biskupu Strossmayeru. Pogled u usmeno knji\u017eevnu retoriku<\/a><br \/>Ru\u017eica P\u0161ihistal (Filozofski fakultet, Osijek)<\/td>\n<td>41&#8211;77.<\/td>\n<\/tr>\n<tr>\n<td><a href=\"http:\/\/www.ffzg.unizg.hr\/umjetnostrijeci\/wp-content\/uploads\/2014\/07\/2007-1-2-004-CaleFeldman.pdf\" target=\"_blank\">&#8220;Histerija realizma&#8221; i \u017eenski pogled u Begovi\u0107evu <em>Pustolovu pred vratima<\/em><\/a><br \/>Lada \u010cale Feldman (Filozofski fakultet, Zagreb)<\/td>\n<td>79&#8211;108.<\/td>\n<\/tr>\n<tr>\n<td><a href=\"http:\/\/www.ffzg.unizg.hr\/umjetnostrijeci\/wp-content\/uploads\/2014\/07\/2007-1-2-005-Vojvodic.pdf\" target=\"_blank\">Redukcija pozdravnih gesta u suvremenoj hrvatskoj prozi<\/a><br \/>Jasmina Vojvodi\u0107 (Filozofski fakultet, Zagreb)<\/td>\n<td>109&#8211;123.<\/td>\n<\/tr>\n<tr>\n<td><a href=\"http:\/\/www.ffzg.unizg.hr\/umjetnostrijeci\/wp-content\/uploads\/2014\/07\/2007-1-2-006-Turkovic.pdf\" target=\"_blank\">Je li mogu\u0107a filmska pragmatika?<\/a><br \/>Hrvoje Turkovi\u0107 (Akademija dramske umjetnosti, Zagreb)<\/td>\n<td>125&#8211;145.<\/td>\n<\/tr>\n<tr>\n<td><a href=\"http:\/\/www.ffzg.unizg.hr\/umjetnostrijeci\/wp-content\/uploads\/2014\/07\/2007-1-2-007-Bekavac.pdf\" target=\"_blank\">Znak, smrt i svjedok. Blanchotova pasija<\/a><br \/>Luka Bekavac (Zagreb)<\/td>\n<td>147&#8211;172.<\/td>\n<\/tr>\n<tr>\n<td><a href=\"http:\/\/www.ffzg.unizg.hr\/umjetnostrijeci\/wp-content\/uploads\/2014\/07\/2007-1-2-008-Uzarevic.pdf\" target=\"_blank\">Jezik, stilovi, funkcije<\/a><br \/>Josip U\u017earevi\u0107 (Filozofski fakultet, Zagreb)<\/td>\n<td>173&#8211;181.<\/td>\n<\/tr>\n<\/tbody>\n<\/table>\n","protected":false},"excerpt":{"rendered":"<p>Samorazumijevanje hrvatske ranonovovjekovne satire u svjetlu suvremenih odre\u0111enjaLahorka Pleji\u0107-Poje (Filozofski fakultet, Zagreb) 1&#8211;16. Nacionalni prostor u Razgovoru ugodnom naroda slovinskoga Andrije Ka\u010di\u0107a Mio\u0161i\u0107aDivina Mrde\u017ea-Antonina (Sveu\u010dili\u0161te u Zadru) 17&#8211;40. Prigodnice fra Grge Marti\u0107a biskupu Strossmayeru. Pogled u usmeno knji\u017eevnu retorikuRu\u017eica P\u0161ihistal (Filozofski fakultet, Osijek) 41&#8211;77. &#8220;Histerija realizma&#8221; i \u017eenski pogled u Begovi\u0107evu Pustolovu pred vratimaLada \u010cale [&hellip;]<\/p>\n","protected":false},"author":2,"featured_media":0,"parent":228,"menu_order":0,"comment_status":"closed","ping_status":"open","template":"","meta":{"footnotes":""},"class_list":["post-1065","page","type-page","status-publish","hentry"],"_links":{"self":[{"href":"https:\/\/umjetnostrijeci.ffzg.unizg.hr\/index.php?rest_route=\/wp\/v2\/pages\/1065","targetHints":{"allow":["GET"]}}],"collection":[{"href":"https:\/\/umjetnostrijeci.ffzg.unizg.hr\/index.php?rest_route=\/wp\/v2\/pages"}],"about":[{"href":"https:\/\/umjetnostrijeci.ffzg.unizg.hr\/index.php?rest_route=\/wp\/v2\/types\/page"}],"author":[{"embeddable":true,"href":"https:\/\/umjetnostrijeci.ffzg.unizg.hr\/index.php?rest_route=\/wp\/v2\/users\/2"}],"replies":[{"embeddable":true,"href":"https:\/\/umjetnostrijeci.ffzg.unizg.hr\/index.php?rest_route=%2Fwp%2Fv2%2Fcomments&post=1065"}],"version-history":[{"count":2,"href":"https:\/\/umjetnostrijeci.ffzg.unizg.hr\/index.php?rest_route=\/wp\/v2\/pages\/1065\/revisions"}],"predecessor-version":[{"id":1077,"href":"https:\/\/umjetnostrijeci.ffzg.unizg.hr\/index.php?rest_route=\/wp\/v2\/pages\/1065\/revisions\/1077"}],"up":[{"embeddable":true,"href":"https:\/\/umjetnostrijeci.ffzg.unizg.hr\/index.php?rest_route=\/wp\/v2\/pages\/228"}],"wp:attachment":[{"href":"https:\/\/umjetnostrijeci.ffzg.unizg.hr\/index.php?rest_route=%2Fwp%2Fv2%2Fmedia&parent=1065"}],"curies":[{"name":"wp","href":"https:\/\/api.w.org\/{rel}","templated":true}]}}