{"id":1072,"date":"2014-07-13T10:39:35","date_gmt":"2014-07-13T09:39:35","guid":{"rendered":"http:\/\/www.ffzg.unizg.hr\/umjetnostrijeci\/?page_id=1072"},"modified":"2014-07-13T10:55:55","modified_gmt":"2014-07-13T09:55:55","slug":"2007-li-br-3-4","status":"publish","type":"page","link":"https:\/\/umjetnostrijeci.ffzg.unizg.hr\/?page_id=1072","title":{"rendered":"2007. (LI) Br. 3&#8211;4"},"content":{"rendered":"<table border=\"0\">\n<tbody>\n<tr>\n<td><a href=\"http:\/\/www.ffzg.unizg.hr\/umjetnostrijeci\/wp-content\/uploads\/2014\/07\/2007-3-4-001-Rafolt.pdf\" target=\"_blank\">S onu stranu \u017eanra. Kratka povijest tragedije u svjetlu ranonovovjekovnih normativnih poetika<\/a><br \/>Leo Rafolt (Filozofski fakultet, Zagreb)<\/td>\n<td>183&#8211;220.<\/td>\n<\/tr>\n<tr>\n<td><a href=\"http:\/\/www.ffzg.unizg.hr\/umjetnostrijeci\/wp-content\/uploads\/2014\/07\/2007-3-4-002-Lupic.pdf\" target=\"_blank\"><em>Error personae<\/em>: Jonsonova Epicena i Shakespeareov Ganimed<\/a><br \/>Ivan Lupi\u0107 (Filozofski fakultet, Zagreb)<\/td>\n<td>221&#8211;247.<\/td>\n<\/tr>\n<tr>\n<td><a href=\"http:\/\/www.ffzg.unizg.hr\/umjetnostrijeci\/wp-content\/uploads\/2014\/07\/2007-3-4-003-Blazevic.pdf\" target=\"_blank\"><em>Ideae magnaminitatis illyricae et pannonicae<\/em>. (De)konstrukcija auto- i heteropredod\u017ebi u diskursu baroknog heroizma<\/a><br \/>Zrinka Bla\u017eevi\u0107 (Filozofski fakultet, Zagreb)<\/td>\n<td>249&#8211;264.<\/td>\n<\/tr>\n<tr>\n<td><a href=\"http:\/\/www.ffzg.unizg.hr\/umjetnostrijeci\/wp-content\/uploads\/2014\/07\/2007-3-4-004-Coha.pdf\" target=\"_blank\">Od <em>Velike Ilirie<\/em> do &#8220;Lijepe na\u0161e&#8221; <em>H(o)rvatske domovine<\/em>. Oblikovanje nacionalnog identiteta u programskim tekstovima preporodnoga razdoblja<\/a><br \/>Suzana Coha (Filozofski fakultet, Zagreb)<\/td>\n<td>265&#8211;295.<\/td>\n<\/tr>\n<tr>\n<td><a href=\"http:\/\/www.ffzg.unizg.hr\/umjetnostrijeci\/wp-content\/uploads\/2014\/07\/2007-3-4-005-Brkovic.pdf\" target=\"_blank\">Ideje knji\u017eevne povijesti i metodolo\u0161ki pristupi u knji\u017eevnopovijesnim sintezama Branka Vodnika i Mihovila Kombola<\/a><br \/>Ivana Brkovi\u0107 (Filozofski fakultet, Zagreb)<\/td>\n<td>297&#8211;325.<\/td>\n<\/tr>\n<\/tbody>\n<\/table>\n","protected":false},"excerpt":{"rendered":"<p>S onu stranu \u017eanra. Kratka povijest tragedije u svjetlu ranonovovjekovnih normativnih poetikaLeo Rafolt (Filozofski fakultet, Zagreb) 183&#8211;220. Error personae: Jonsonova Epicena i Shakespeareov GanimedIvan Lupi\u0107 (Filozofski fakultet, Zagreb) 221&#8211;247. Ideae magnaminitatis illyricae et pannonicae. (De)konstrukcija auto- i heteropredod\u017ebi u diskursu baroknog heroizmaZrinka Bla\u017eevi\u0107 (Filozofski fakultet, Zagreb) 249&#8211;264. Od Velike Ilirie do &#8220;Lijepe na\u0161e&#8221; H(o)rvatske domovine. [&hellip;]<\/p>\n","protected":false},"author":2,"featured_media":0,"parent":228,"menu_order":0,"comment_status":"closed","ping_status":"open","template":"","meta":{"footnotes":""},"class_list":["post-1072","page","type-page","status-publish","hentry"],"_links":{"self":[{"href":"https:\/\/umjetnostrijeci.ffzg.unizg.hr\/index.php?rest_route=\/wp\/v2\/pages\/1072","targetHints":{"allow":["GET"]}}],"collection":[{"href":"https:\/\/umjetnostrijeci.ffzg.unizg.hr\/index.php?rest_route=\/wp\/v2\/pages"}],"about":[{"href":"https:\/\/umjetnostrijeci.ffzg.unizg.hr\/index.php?rest_route=\/wp\/v2\/types\/page"}],"author":[{"embeddable":true,"href":"https:\/\/umjetnostrijeci.ffzg.unizg.hr\/index.php?rest_route=\/wp\/v2\/users\/2"}],"replies":[{"embeddable":true,"href":"https:\/\/umjetnostrijeci.ffzg.unizg.hr\/index.php?rest_route=%2Fwp%2Fv2%2Fcomments&post=1072"}],"version-history":[{"count":3,"href":"https:\/\/umjetnostrijeci.ffzg.unizg.hr\/index.php?rest_route=\/wp\/v2\/pages\/1072\/revisions"}],"predecessor-version":[{"id":1082,"href":"https:\/\/umjetnostrijeci.ffzg.unizg.hr\/index.php?rest_route=\/wp\/v2\/pages\/1072\/revisions\/1082"}],"up":[{"embeddable":true,"href":"https:\/\/umjetnostrijeci.ffzg.unizg.hr\/index.php?rest_route=\/wp\/v2\/pages\/228"}],"wp:attachment":[{"href":"https:\/\/umjetnostrijeci.ffzg.unizg.hr\/index.php?rest_route=%2Fwp%2Fv2%2Fmedia&parent=1072"}],"curies":[{"name":"wp","href":"https:\/\/api.w.org\/{rel}","templated":true}]}}