{"id":1250,"date":"2016-01-11T22:00:22","date_gmt":"2016-01-11T21:00:22","guid":{"rendered":"http:\/\/umjetnostrijeci.ffzg.unizg.hr\/?page_id=1250"},"modified":"2016-01-16T20:06:14","modified_gmt":"2016-01-16T19:06:14","slug":"2014-lviii-br-2","status":"publish","type":"page","link":"https:\/\/umjetnostrijeci.ffzg.unizg.hr\/?page_id=1250","title":{"rendered":"2014. (LVIII) Br. 2"},"content":{"rendered":"<table>\n<tbody>\n<tr>\n<td><a href=\"http:\/\/umjetnostrijeci.ffzg.unizg.hr\/wp-content\/uploads\/2016\/01\/001-Predgovor-za-web.pdf\" target=\"_blank\">O prilozima<\/a><br \/>Zrinka Bo\u017ei\u0107 Blanu\u0161a (Odsjek za kroatistiku, Filozofski fakultet Sveu\u010dilli\u0161ta u Zagrebu)<\/td>\n<td>115&#8211;117.<\/td>\n<\/tr>\n<tr>\n<td><a href=\"http:\/\/umjetnostrijeci.ffzg.unizg.hr\/wp-content\/uploads\/2016\/01\/002-Uvodni-tekst-za-web.pdf\" target=\"_blank\">Ispisivanje traga: knji\u017eevnost, politika i politi\u010dko<\/a><br \/>Zrinka Bo\u017ei\u0107 Blanu\u0161a (Odsjek za kroatistiku, Filozofski fakultet Sveu\u010dili\u0161ta u Zagrebu)<\/td>\n<td>119&#8211;137.<\/td>\n<\/tr>\n<tr>\n<td><a href=\"http:\/\/umjetnostrijeci.ffzg.unizg.hr\/wp-content\/uploads\/2016\/01\/003-Perica-za-web.pdf\" target=\"_blank\">Privatna i javna politika teksta<\/a><br \/>Ivana Perica (Zagreb)<\/td>\n<td>139&#8211;160.<\/td>\n<\/tr>\n<tr>\n<td><a href=\"http:\/\/umjetnostrijeci.ffzg.unizg.hr\/wp-content\/uploads\/2016\/01\/004-Milanko-za-web.pdf\" target=\"_blank\">Politika i etika obra\u0107anja u lirici<\/a><br \/>Andrea Milanko (Odsjek za kroatistiku, Filozofski fakultet Sveu\u010dili\u0161ta u Zagrebu)<\/td>\n<td>161&#8211;179.<\/td>\n<\/tr>\n<tr>\n<td><a href=\"http:\/\/umjetnostrijeci.ffzg.unizg.hr\/wp-content\/uploads\/2016\/01\/005-Mijatovic-za-web.pdf\" target=\"_blank\"><em>Samoskrivljen povratak u djetinjstvo<\/em>: modernitet, stav i doga\u0111aj u Kanta, Baudelairea i Foucaulta<\/a><br \/>Aleksandar Mijatovi\u0107 (Odsjek za kroatistiku, Filozofski fakultet Sveu\u010dili\u0161ta u Rijeci)<\/td>\n<td>181&#8211;204.<\/td>\n<\/tr>\n<tr>\n<td><a href=\"http:\/\/umjetnostrijeci.ffzg.unizg.hr\/wp-content\/uploads\/2016\/01\/006-Koludrovic-za-web.pdf\" target=\"_blank\">Politi\u010dnost knji\u017eevnosti, literarnost politike i transgresivnost: Georges Bataille<\/a><br \/>Bernard Koludrovi\u0107 (Zagreb)<\/td>\n<td>205&#8211;224.<\/td>\n<\/tr>\n<tr>\n<td><a href=\"http:\/\/umjetnostrijeci.ffzg.unizg.hr\/wp-content\/uploads\/2016\/01\/007-Sakic-za-web.pdf\" target=\"_blank\">Smrt u izgnanstvu. Pisanje kao pisanje-postajanje<\/a><br \/>Sanja \u0160aki\u0107 (Zagreb)<\/td>\n<td>225&#8211;241.<\/td>\n<\/tr>\n<tr>\n<td><em><a href=\"http:\/\/umjetnostrijeci.ffzg.unizg.hr\/wp-content\/uploads\/2016\/01\/008-Okrugli-stol-za-web.pdf\" target=\"_blank\">Gdje po\u010dinje izvornost? Kategorizacija radova u humanisti\u010dkim znanostima<\/a><\/em><br \/>Okrugli stol u organizaciji <em>Umjetnosti rije\u010di<\/em>, Zagreb, 22. sije\u010dnja 2015.<\/td>\n<td>243&#8211;274.<\/td>\n<\/tr>\n<\/tbody>\n<\/table>\n<p>&nbsp;<\/p>\n","protected":false},"excerpt":{"rendered":"<p>O prilozimaZrinka Bo\u017ei\u0107 Blanu\u0161a (Odsjek za kroatistiku, Filozofski fakultet Sveu\u010dilli\u0161ta u Zagrebu) 115&#8211;117. Ispisivanje traga: knji\u017eevnost, politika i politi\u010dkoZrinka Bo\u017ei\u0107 Blanu\u0161a (Odsjek za kroatistiku, Filozofski fakultet Sveu\u010dili\u0161ta u Zagrebu) 119&#8211;137. Privatna i javna politika tekstaIvana Perica (Zagreb) 139&#8211;160. Politika i etika obra\u0107anja u liriciAndrea Milanko (Odsjek za kroatistiku, Filozofski fakultet Sveu\u010dili\u0161ta u Zagrebu) 161&#8211;179. Samoskrivljen [&hellip;]<\/p>\n","protected":false},"author":2,"featured_media":0,"parent":228,"menu_order":0,"comment_status":"closed","ping_status":"closed","template":"","meta":{"footnotes":""},"class_list":["post-1250","page","type-page","status-publish","hentry"],"_links":{"self":[{"href":"https:\/\/umjetnostrijeci.ffzg.unizg.hr\/index.php?rest_route=\/wp\/v2\/pages\/1250","targetHints":{"allow":["GET"]}}],"collection":[{"href":"https:\/\/umjetnostrijeci.ffzg.unizg.hr\/index.php?rest_route=\/wp\/v2\/pages"}],"about":[{"href":"https:\/\/umjetnostrijeci.ffzg.unizg.hr\/index.php?rest_route=\/wp\/v2\/types\/page"}],"author":[{"embeddable":true,"href":"https:\/\/umjetnostrijeci.ffzg.unizg.hr\/index.php?rest_route=\/wp\/v2\/users\/2"}],"replies":[{"embeddable":true,"href":"https:\/\/umjetnostrijeci.ffzg.unizg.hr\/index.php?rest_route=%2Fwp%2Fv2%2Fcomments&post=1250"}],"version-history":[{"count":6,"href":"https:\/\/umjetnostrijeci.ffzg.unizg.hr\/index.php?rest_route=\/wp\/v2\/pages\/1250\/revisions"}],"predecessor-version":[{"id":1307,"href":"https:\/\/umjetnostrijeci.ffzg.unizg.hr\/index.php?rest_route=\/wp\/v2\/pages\/1250\/revisions\/1307"}],"up":[{"embeddable":true,"href":"https:\/\/umjetnostrijeci.ffzg.unizg.hr\/index.php?rest_route=\/wp\/v2\/pages\/228"}],"wp:attachment":[{"href":"https:\/\/umjetnostrijeci.ffzg.unizg.hr\/index.php?rest_route=%2Fwp%2Fv2%2Fmedia&parent=1250"}],"curies":[{"name":"wp","href":"https:\/\/api.w.org\/{rel}","templated":true}]}}