{"id":1873,"date":"2020-03-20T15:06:46","date_gmt":"2020-03-20T14:06:46","guid":{"rendered":"http:\/\/umjetnostrijeci.ffzg.unizg.hr\/?page_id=1873"},"modified":"2020-03-20T15:27:40","modified_gmt":"2020-03-20T14:27:40","slug":"2019-lxiii-br-1-2","status":"publish","type":"page","link":"https:\/\/umjetnostrijeci.ffzg.unizg.hr\/?page_id=1873","title":{"rendered":"2019. (LXIII) Br. 1&#8211;2"},"content":{"rendered":"<table style=\"border-collapse: collapse; width: 100%; height: 147px;\" border=\"1\">\n<tbody>\n<tr style=\"height: 21px;\">\n<td style=\"width: 89.6226%; height: 21px;\"><a href=\"http:\/\/umjetnostrijeci.ffzg.unizg.hr\/wp-content\/uploads\/2020\/03\/UR-2019-1-2-001-M.-Jelaca-za-web.pdf\" target=\"_blank\" rel=\"noopener\">O u\u017easu spoznaje: spekulativni realizam i H. P. Lovecraft<\/a><br \/>\nMatija Jela\u010da (Sveu\u010dili\u0161te Jurja Dobrile u Puli)<\/td>\n<td style=\"width: 10.3774%; height: 21px;\">1-31.<\/td>\n<\/tr>\n<tr style=\"height: 21px;\">\n<td style=\"width: 89.6226%; height: 21px;\"><a href=\"http:\/\/umjetnostrijeci.ffzg.unizg.hr\/wp-content\/uploads\/2020\/03\/UR-2019-1-2-002-U.-Perenic-za-web.pdf\" target=\"_blank\" rel=\"noopener\">Ivan Kukuljevi\u0107 Sakcinski u slovenskoj prijevodnoj knji\u017eevnoj kulturi sredinom 19. stolje\u0107a: <em>Juran i Sofija ili Turci kod Siska<\/em> i oblikovanje slovenskoga nacionalnog identiteta<\/a><br \/>\nUr\u0161ka Pereni\u010d (Sveu\u010dili\u0161te u Ljubljani)<\/td>\n<td style=\"width: 10.3774%; height: 21px;\">33-49.<\/td>\n<\/tr>\n<tr style=\"height: 21px;\">\n<td style=\"width: 89.6226%; height: 21px;\"><a href=\"http:\/\/umjetnostrijeci.ffzg.unizg.hr\/wp-content\/uploads\/2020\/03\/UR-2019-1-2-003-L.-Milisic-za-web.pdf\" target=\"_blank\" rel=\"noopener\">Joyceov <em>Finnegans Wake<\/em> i McCarthyjev <em>Remainder:<\/em> kodiranje i jezi\u010dko raslojavanje<\/a><br \/>\nLamija Mili\u0161i\u0107 (Univerzitet u Sarajevu)<\/td>\n<td style=\"width: 10.3774%; height: 21px;\">51-76.<\/td>\n<\/tr>\n<tr style=\"height: 21px;\">\n<td style=\"width: 89.6226%; height: 21px;\"><a href=\"http:\/\/umjetnostrijeci.ffzg.unizg.hr\/wp-content\/uploads\/2020\/03\/UR-2019-1-2-004-D.-Gligora-za-web.pdf\" target=\"_blank\" rel=\"noopener\">Nasmijano bezumlje u <em>Izvanbrodskom dnevniku<\/em> Slobodana Novaka<\/a><br \/>\nDragan Gligora (Hrvatska radiotelevizija, Hrvatski radio)<\/td>\n<td style=\"width: 10.3774%; height: 21px;\">77-99.<\/td>\n<\/tr>\n<tr style=\"height: 21px;\">\n<td style=\"width: 89.6226%; height: 21px;\"><a href=\"http:\/\/umjetnostrijeci.ffzg.unizg.hr\/wp-content\/uploads\/2020\/03\/UR-2019-1-2-005-Okrugli-stol-za-web.pdf\" target=\"_blank\" rel=\"noopener\">Interdisciplinarnost u humanisti\u010dkim znanostima<\/a><br \/>\nOkrugli stol u organizaciji <em>Umjetnosti rije\u010di<\/em>, Zagreb, 12. o\u017eujka 2019.<\/td>\n<td style=\"width: 10.3774%; height: 21px;\">101-137.<\/td>\n<\/tr>\n<tr style=\"height: 21px;\">\n<td style=\"width: 89.6226%; height: 21px;\"><a href=\"http:\/\/umjetnostrijeci.ffzg.unizg.hr\/wp-content\/uploads\/2020\/03\/UR-2019-1-2-006-Prikaz-Car-za-web.pdf\" target=\"_blank\" rel=\"noopener\">Paradigma svjetske knji\u017eevnosti iz slavisti\u010dke vizure<\/a><br \/>\nPrikaz knjige Diana Hitzke i Miriam Finkelstein (ur.), <em>Slavische Literaturen der Gegenwart als Weltliteratur \u2013 Hybride Konstellationen<\/em>. Innsbruck: Innsbruck University Press. 2018.<br \/>\nMilka Car (Sveu\u010dili\u0161te u Zagrebu)<\/td>\n<td style=\"width: 10.3774%; height: 21px;\">139-143.<\/td>\n<\/tr>\n<tr style=\"height: 21px;\">\n<td style=\"width: 89.6226%; height: 21px;\"><a href=\"http:\/\/umjetnostrijeci.ffzg.unizg.hr\/wp-content\/uploads\/2020\/03\/UR-2019-1-2-007-Prikaz-Nikolic-za-web.pdf\" target=\"_blank\" rel=\"noopener\">Povratak folkloristi\u010dkim temeljima<\/a><br \/>\nPrikaz knjige Ljiljana Marks i Evelina Rudan (ur.),<em> Predaja: temelji \u017eanra<\/em>. Zagreb: Institut za etnologiju i folkloristiku. 2018.<br \/>\nDavor Nikoli\u0107 (Sveu\u010dili\u0161te u Zagrebu)<\/td>\n<td style=\"width: 10.3774%; height: 21px;\">143-147.<\/td>\n<\/tr>\n<\/tbody>\n<\/table>\n","protected":false},"excerpt":{"rendered":"<p>O u\u017easu spoznaje: spekulativni realizam i H. P. Lovecraft Matija Jela\u010da (Sveu\u010dili\u0161te Jurja Dobrile u Puli) 1-31. Ivan Kukuljevi\u0107 Sakcinski u slovenskoj prijevodnoj knji\u017eevnoj kulturi sredinom 19. stolje\u0107a: Juran i Sofija ili Turci kod Siska i oblikovanje slovenskoga nacionalnog identiteta Ur\u0161ka Pereni\u010d (Sveu\u010dili\u0161te u Ljubljani) 33-49. Joyceov Finnegans Wake i McCarthyjev Remainder: kodiranje i jezi\u010dko [&hellip;]<\/p>\n","protected":false},"author":2,"featured_media":0,"parent":228,"menu_order":0,"comment_status":"closed","ping_status":"closed","template":"","meta":{"footnotes":""},"class_list":["post-1873","page","type-page","status-publish","hentry"],"_links":{"self":[{"href":"https:\/\/umjetnostrijeci.ffzg.unizg.hr\/index.php?rest_route=\/wp\/v2\/pages\/1873","targetHints":{"allow":["GET"]}}],"collection":[{"href":"https:\/\/umjetnostrijeci.ffzg.unizg.hr\/index.php?rest_route=\/wp\/v2\/pages"}],"about":[{"href":"https:\/\/umjetnostrijeci.ffzg.unizg.hr\/index.php?rest_route=\/wp\/v2\/types\/page"}],"author":[{"embeddable":true,"href":"https:\/\/umjetnostrijeci.ffzg.unizg.hr\/index.php?rest_route=\/wp\/v2\/users\/2"}],"replies":[{"embeddable":true,"href":"https:\/\/umjetnostrijeci.ffzg.unizg.hr\/index.php?rest_route=%2Fwp%2Fv2%2Fcomments&post=1873"}],"version-history":[{"count":4,"href":"https:\/\/umjetnostrijeci.ffzg.unizg.hr\/index.php?rest_route=\/wp\/v2\/pages\/1873\/revisions"}],"predecessor-version":[{"id":1885,"href":"https:\/\/umjetnostrijeci.ffzg.unizg.hr\/index.php?rest_route=\/wp\/v2\/pages\/1873\/revisions\/1885"}],"up":[{"embeddable":true,"href":"https:\/\/umjetnostrijeci.ffzg.unizg.hr\/index.php?rest_route=\/wp\/v2\/pages\/228"}],"wp:attachment":[{"href":"https:\/\/umjetnostrijeci.ffzg.unizg.hr\/index.php?rest_route=%2Fwp%2Fv2%2Fmedia&parent=1873"}],"curies":[{"name":"wp","href":"https:\/\/api.w.org\/{rel}","templated":true}]}}