{"id":1886,"date":"2020-03-20T15:38:08","date_gmt":"2020-03-20T14:38:08","guid":{"rendered":"http:\/\/umjetnostrijeci.ffzg.unizg.hr\/?page_id=1886"},"modified":"2020-03-20T16:06:39","modified_gmt":"2020-03-20T15:06:39","slug":"2019-lxiii-br-3-4","status":"publish","type":"page","link":"https:\/\/umjetnostrijeci.ffzg.unizg.hr\/?page_id=1886","title":{"rendered":"2019. (LXIII) Br. 3&#8211;4"},"content":{"rendered":"<p>Tematski broj: <em>Words and Images<\/em><br \/>\nGostuju\u0107i urednici: Simon Ryle i Brian Willems<\/p>\n<table style=\"border-collapse: collapse; width: 100%;\" border=\"1\">\n<tbody>\n<tr>\n<td style=\"width: 88.3019%;\"><a href=\"http:\/\/umjetnostrijeci.ffzg.unizg.hr\/wp-content\/uploads\/2020\/03\/001-Ryle-Willems-za-web.pdf\" target=\"_blank\" rel=\"noopener\">Introduction: Words and Images<\/a><br \/>\n(\u010clanak i sa\u017eetak na engleskom)<br \/>\nSimon Ryle i Brian Willems (Sveu\u010dil\u0161te u Splitu)<\/td>\n<td style=\"width: 11.6982%;\">149-159.<\/td>\n<\/tr>\n<tr>\n<td style=\"width: 88.3019%;\"><a href=\"http:\/\/umjetnostrijeci.ffzg.unizg.hr\/wp-content\/uploads\/2020\/03\/002-Domines-Veliki-za-web.pdf\" target=\"_blank\" rel=\"noopener\">Visualizing Poverty in Wordsworth\u2019s Poetry<\/a><br \/>\n(\u010clanak i sa\u017eetak na engleskom)<br \/>\nMartina Domines Veliki (Sveu\u010dili\u0161te u Zagrebu)<\/td>\n<td style=\"width: 11.6982%;\">161-178.<\/td>\n<\/tr>\n<tr>\n<td style=\"width: 88.3019%;\"><a href=\"http:\/\/umjetnostrijeci.ffzg.unizg.hr\/wp-content\/uploads\/2020\/03\/003-Starcevic-za-web.pdf\" target=\"_blank\" rel=\"noopener\">Gerard Manley Hopkins and the Ecological Balance of Wildness<\/a><br \/>\n(\u010clanak i sa\u017eetak na engleskom)<br \/>\nMirko Star\u010devi\u0107 (Sveu\u010dili\u0161te u Ljubljani)<\/td>\n<td style=\"width: 11.6982%;\">179-195.<\/td>\n<\/tr>\n<tr>\n<td style=\"width: 88.3019%;\"><a href=\"http:\/\/umjetnostrijeci.ffzg.unizg.hr\/wp-content\/uploads\/2020\/03\/004-Grgas-za-web.pdf\" target=\"_blank\" rel=\"noopener\">Capitalist Realism, Finance and Don DeLillo<\/a><br \/>\n(\u010clanak i sa\u017eetak na engleskom)<br \/>\nStipe Grgas (Sveu\u010dili\u0161te u Zagrebu)<\/td>\n<td style=\"width: 11.6982%;\">197-209.<\/td>\n<\/tr>\n<tr>\n<td style=\"width: 88.3019%;\"><a href=\"http:\/\/umjetnostrijeci.ffzg.unizg.hr\/wp-content\/uploads\/2020\/03\/005-Narancic-Kovac-za-web.pdf\" target=\"_blank\" rel=\"noopener\">The Status of Illustrations in Croatian Translations of Children\u2019s Classics<\/a><br \/>\n(\u010clanak i sa\u017eetak na engleskom)<br \/>\nSmiljana Naran\u010di\u0107 Kova\u010d (Sveu\u010dili\u0161te u Zagrebu)<\/td>\n<td style=\"width: 11.6982%;\">211-230.<\/td>\n<\/tr>\n<tr>\n<td style=\"width: 88.3019%;\"><a href=\"http:\/\/umjetnostrijeci.ffzg.unizg.hr\/wp-content\/uploads\/2020\/03\/006-Meminaj-Zisi-za-web.pdf\" target=\"_blank\" rel=\"noopener\">The Symbolic Function of Imperial Signs and Images in the Literary Work of Ismail Kadare<\/a><br \/>\n(\u010clanak i sa\u017eetak na engleskom)<br \/>\nMariglena Meminaj i Roland Zisi (Universiteti &#8220;Ismail Qemali&#8221;)<\/td>\n<td style=\"width: 11.6982%;\">231-244.<\/td>\n<\/tr>\n<\/tbody>\n<\/table>\n<p>&nbsp;<\/p>\n","protected":false},"excerpt":{"rendered":"<p>Tematski broj: Words and Images Gostuju\u0107i urednici: Simon Ryle i Brian Willems Introduction: Words and Images (\u010clanak i sa\u017eetak na engleskom) Simon Ryle i Brian Willems (Sveu\u010dil\u0161te u Splitu) 149-159. Visualizing Poverty in Wordsworth\u2019s Poetry (\u010clanak i sa\u017eetak na engleskom) Martina Domines Veliki (Sveu\u010dili\u0161te u Zagrebu) 161-178. Gerard Manley Hopkins and the Ecological Balance of [&hellip;]<\/p>\n","protected":false},"author":2,"featured_media":0,"parent":228,"menu_order":0,"comment_status":"closed","ping_status":"closed","template":"","meta":{"footnotes":""},"class_list":["post-1886","page","type-page","status-publish","hentry"],"_links":{"self":[{"href":"https:\/\/umjetnostrijeci.ffzg.unizg.hr\/index.php?rest_route=\/wp\/v2\/pages\/1886","targetHints":{"allow":["GET"]}}],"collection":[{"href":"https:\/\/umjetnostrijeci.ffzg.unizg.hr\/index.php?rest_route=\/wp\/v2\/pages"}],"about":[{"href":"https:\/\/umjetnostrijeci.ffzg.unizg.hr\/index.php?rest_route=\/wp\/v2\/types\/page"}],"author":[{"embeddable":true,"href":"https:\/\/umjetnostrijeci.ffzg.unizg.hr\/index.php?rest_route=\/wp\/v2\/users\/2"}],"replies":[{"embeddable":true,"href":"https:\/\/umjetnostrijeci.ffzg.unizg.hr\/index.php?rest_route=%2Fwp%2Fv2%2Fcomments&post=1886"}],"version-history":[{"count":5,"href":"https:\/\/umjetnostrijeci.ffzg.unizg.hr\/index.php?rest_route=\/wp\/v2\/pages\/1886\/revisions"}],"predecessor-version":[{"id":1908,"href":"https:\/\/umjetnostrijeci.ffzg.unizg.hr\/index.php?rest_route=\/wp\/v2\/pages\/1886\/revisions\/1908"}],"up":[{"embeddable":true,"href":"https:\/\/umjetnostrijeci.ffzg.unizg.hr\/index.php?rest_route=\/wp\/v2\/pages\/228"}],"wp:attachment":[{"href":"https:\/\/umjetnostrijeci.ffzg.unizg.hr\/index.php?rest_route=%2Fwp%2Fv2%2Fmedia&parent=1886"}],"curies":[{"name":"wp","href":"https:\/\/api.w.org\/{rel}","templated":true}]}}