{"id":2004,"date":"2021-04-25T20:49:32","date_gmt":"2021-04-25T19:49:32","guid":{"rendered":"http:\/\/umjetnostrijeci.ffzg.unizg.hr\/?page_id=2004"},"modified":"2021-04-25T20:53:18","modified_gmt":"2021-04-25T19:53:18","slug":"2020-lxiv-br-3-4","status":"publish","type":"page","link":"https:\/\/umjetnostrijeci.ffzg.unizg.hr\/?page_id=2004","title":{"rendered":"2020. (LXIV) Br. 3&#8211;4"},"content":{"rendered":"<table style=\"border-collapse: collapse; width: 100%; height: 216px;\" border=\"1\">\n<tbody>\n<tr style=\"height: 24px;\">\n<td style=\"width: 90.8663%; height: 24px;\"><a href=\"http:\/\/umjetnostrijeci.ffzg.unizg.hr\/wp-content\/uploads\/2021\/04\/UR-2020-3-4-00-Uvodni-tekst-za-WEB.pdf\" target=\"_blank\" rel=\"noopener\">Uvodni tekst: Knji\u017eevna interpretacija u suvremenoj slovenskoj znanosti o knji\u017eevnosti<\/a><br \/>\nDavor Duki\u0107 (Sveu\u010dili\u0161te u Zagrebu)<br \/>\nUr\u0161ka Pereni\u010d (Sveu\u010dili\u0161te u Ljubljani)<\/td>\n<td style=\"width: 9.1337%; height: 24px;\">199-204.<\/td>\n<\/tr>\n<tr style=\"height: 24px;\">\n<td style=\"width: 90.8663%; height: 24px;\"><a href=\"http:\/\/umjetnostrijeci.ffzg.unizg.hr\/wp-content\/uploads\/2021\/04\/UR-2020-3-4-01-Bjelcevic-za-WEB.pdf\" target=\"_blank\" rel=\"noopener\">Knji\u017eevna interpretacija: rasprava izme\u0111u intencionalizma i antiintencionalizma\u00a0<\/a><br \/>\nAleksander Bjel\u010devi\u0107 (Sveu\u010dili\u0161te u Ljubljani)<\/td>\n<td style=\"width: 9.1337%; height: 24px;\">205-228<\/td>\n<\/tr>\n<tr style=\"height: 24px;\">\n<td style=\"width: 90.8663%; height: 24px;\"><a href=\"http:\/\/umjetnostrijeci.ffzg.unizg.hr\/wp-content\/uploads\/2021\/04\/UR-2020-3-4-02-Podlesnik-za-WEB.pdf\" target=\"_blank\" rel=\"noopener\">Kako zvu\u010di i izgleda Dostoevskij (i \u0161to to mo\u017ee zna\u010diti za znanost o knji\u017eevnosti)<\/a><br \/>\nBla\u017e Podlesnik (Sveu\u010dili\u0161te u Ljubljani)<\/td>\n<td style=\"width: 9.1337%; height: 24px;\">229-244.<\/td>\n<\/tr>\n<tr style=\"height: 24px;\">\n<td style=\"width: 90.8663%; height: 24px;\"><a href=\"http:\/\/umjetnostrijeci.ffzg.unizg.hr\/wp-content\/uploads\/2021\/04\/UR-2020-3-4-03-Kavsek-za-WEB.pdf\" target=\"_blank\" rel=\"noopener\">Promjena knji\u017eevnopovijesnoga narativa o drugoj polovici 19. stolje\u0107a: primjer interpretacije pripovjedne proze Simona Jenka<\/a><br \/>\nBla\u017e Kav\u0161ek (Sveu\u010dili\u0161te u Ljubljani)<\/td>\n<td style=\"width: 9.1337%; height: 24px;\">245-261.<\/td>\n<\/tr>\n<tr style=\"height: 24px;\">\n<td style=\"width: 90.8663%; height: 24px;\"><a href=\"http:\/\/umjetnostrijeci.ffzg.unizg.hr\/wp-content\/uploads\/2021\/04\/UR-2020-3-4-04-Zejn-za-WEB.pdf\" target=\"_blank\" rel=\"noopener\">Stilometrijska analiza slovenske pripovjedne knji\u017eevnosti do prve izvorne slovenske pri\u010de<\/a><br \/>\nAndrejka \u017dejn (Sveu\u010dili\u0161te u Ljubljani)<\/td>\n<td style=\"width: 9.1337%; height: 24px;\">263-283.<\/td>\n<\/tr>\n<tr style=\"height: 24px;\">\n<td style=\"width: 90.8663%; height: 24px;\"><a href=\"http:\/\/umjetnostrijeci.ffzg.unizg.hr\/wp-content\/uploads\/2021\/04\/UR-2020-3-4-05-Hladnik-za-WEB.pdf\" target=\"_blank\" rel=\"noopener\">Kvantitativna znanost o knji\u017eevnosti i interpretacija<\/a><br \/>\nMiran Hladnik (Sveu\u010dili\u0161te u Ljubljani)<\/td>\n<td style=\"width: 9.1337%; height: 24px;\">285-300.<\/td>\n<\/tr>\n<tr style=\"height: 24px;\">\n<td style=\"width: 90.8663%; height: 24px;\"><a href=\"http:\/\/umjetnostrijeci.ffzg.unizg.hr\/wp-content\/uploads\/2021\/04\/UR-2020-3-4-06-Perenic-za-WEB.pdf\" target=\"_blank\" rel=\"noopener\">Slovenska prostorna knji\u017eevna znanost i knji\u017eevna interpretacija<\/a><br \/>\nUr\u0161ka Pereni\u010d (Sveu\u010dili\u0161te u Ljubljani)<\/td>\n<td style=\"width: 9.1337%; height: 24px;\">301-318.<\/td>\n<\/tr>\n<tr style=\"height: 24px;\">\n<td style=\"width: 90.8663%; height: 24px;\"><a href=\"http:\/\/umjetnostrijeci.ffzg.unizg.hr\/wp-content\/uploads\/2021\/04\/UR-2020-3-4-07-Zupan-Sosic-za-WEB.pdf\" target=\"_blank\" rel=\"noopener\">Pitanja knji\u017eevne interpretacije i prijedlog za tuma\u010denje i vrednovanje romana Ivana Cankara<\/a><br \/>\nAlojzija Zupan Sosi\u010d (Sveu\u010dili\u0161te u Ljubljani)<\/td>\n<td style=\"width: 9.1337%; height: 24px;\">319-334.<\/td>\n<\/tr>\n<tr style=\"height: 24px;\">\n<td style=\"width: 90.8663%; height: 24px;\"><a href=\"http:\/\/umjetnostrijeci.ffzg.unizg.hr\/wp-content\/uploads\/2021\/04\/UR-2020-3-4-08-Scherber-za-WEB.pdf\" target=\"_blank\" rel=\"noopener\">Ljubav, grad i rat. Analiza mikrostrukture (<em>close reading<\/em>) na primjeru ratnih romana Drage Jan\u010dara<\/a><br \/>\nPeter Scherber (Sveu\u010dili\u0161te u Be\u010du)<\/td>\n<td style=\"width: 9.1337%; height: 24px;\">335-354.<\/td>\n<\/tr>\n<\/tbody>\n<\/table>\n","protected":false},"excerpt":{"rendered":"<p>Uvodni tekst: Knji\u017eevna interpretacija u suvremenoj slovenskoj znanosti o knji\u017eevnosti Davor Duki\u0107 (Sveu\u010dili\u0161te u Zagrebu) Ur\u0161ka Pereni\u010d (Sveu\u010dili\u0161te u Ljubljani) 199-204. Knji\u017eevna interpretacija: rasprava izme\u0111u intencionalizma i antiintencionalizma\u00a0 Aleksander Bjel\u010devi\u0107 (Sveu\u010dili\u0161te u Ljubljani) 205-228 Kako zvu\u010di i izgleda Dostoevskij (i \u0161to to mo\u017ee zna\u010diti za znanost o knji\u017eevnosti) Bla\u017e Podlesnik (Sveu\u010dili\u0161te u Ljubljani) 229-244. Promjena [&hellip;]<\/p>\n","protected":false},"author":2,"featured_media":0,"parent":228,"menu_order":0,"comment_status":"closed","ping_status":"closed","template":"","meta":{"footnotes":""},"class_list":["post-2004","page","type-page","status-publish","hentry"],"_links":{"self":[{"href":"https:\/\/umjetnostrijeci.ffzg.unizg.hr\/index.php?rest_route=\/wp\/v2\/pages\/2004","targetHints":{"allow":["GET"]}}],"collection":[{"href":"https:\/\/umjetnostrijeci.ffzg.unizg.hr\/index.php?rest_route=\/wp\/v2\/pages"}],"about":[{"href":"https:\/\/umjetnostrijeci.ffzg.unizg.hr\/index.php?rest_route=\/wp\/v2\/types\/page"}],"author":[{"embeddable":true,"href":"https:\/\/umjetnostrijeci.ffzg.unizg.hr\/index.php?rest_route=\/wp\/v2\/users\/2"}],"replies":[{"embeddable":true,"href":"https:\/\/umjetnostrijeci.ffzg.unizg.hr\/index.php?rest_route=%2Fwp%2Fv2%2Fcomments&post=2004"}],"version-history":[{"count":3,"href":"https:\/\/umjetnostrijeci.ffzg.unizg.hr\/index.php?rest_route=\/wp\/v2\/pages\/2004\/revisions"}],"predecessor-version":[{"id":2016,"href":"https:\/\/umjetnostrijeci.ffzg.unizg.hr\/index.php?rest_route=\/wp\/v2\/pages\/2004\/revisions\/2016"}],"up":[{"embeddable":true,"href":"https:\/\/umjetnostrijeci.ffzg.unizg.hr\/index.php?rest_route=\/wp\/v2\/pages\/228"}],"wp:attachment":[{"href":"https:\/\/umjetnostrijeci.ffzg.unizg.hr\/index.php?rest_route=%2Fwp%2Fv2%2Fmedia&parent=2004"}],"curies":[{"name":"wp","href":"https:\/\/api.w.org\/{rel}","templated":true}]}}