{"id":2273,"date":"2022-12-28T17:59:54","date_gmt":"2022-12-28T16:59:54","guid":{"rendered":"http:\/\/umjetnostrijeci.ffzg.unizg.hr\/?page_id=2273&#038;lang=en"},"modified":"2022-12-29T10:11:41","modified_gmt":"2022-12-29T09:11:41","slug":"2022-lxvi-no-2","status":"publish","type":"page","link":"https:\/\/umjetnostrijeci.ffzg.unizg.hr\/?page_id=2273&lang=en","title":{"rendered":"2022 (LXVI) No. 2"},"content":{"rendered":"<table style=\"border-collapse: collapse; width: 100%; height: 360px;\" border=\"1\">\n<tbody>\n<tr style=\"height: 72px;\">\n<td style=\"width: 84.08%; height: 72px;\"><a href=\"http:\/\/umjetnostrijeci.ffzg.unizg.hr\/wp-content\/uploads\/2022\/12\/UR-2022-02-001-Grubel-za-web.pdf\" target=\"_blank\" rel=\"noopener\">\u201cI am a Geographer of the Sleeping Kingdom\u201d. Psychopoetics in Vera Pavlova\u2019s <em>Proverochnoe Slovo<\/em> (<em>Control Word<\/em>) (2018)<\/a><br \/>\n(Article in Croatian, abstract in English)<br \/>\nRainer Gr\u00fcbel (University of Oldenburg, Germany)<\/td>\n<td style=\"width: 15.92%; height: 72px;\">121-147<\/td>\n<\/tr>\n<tr style=\"height: 48px;\">\n<td style=\"width: 84.08%; height: 48px;\"><a href=\"http:\/\/umjetnostrijeci.ffzg.unizg.hr\/wp-content\/uploads\/2022\/12\/UR-2022-02-002-Bekavac-za-web.pdf\" target=\"_blank\" rel=\"noopener\">Space and Sequence: A Topography of <em>Here<\/em><\/a><br \/>\n(Article and abstract in English)<br \/>\nLuka Bekavac (University of Zagreb)<\/td>\n<td style=\"width: 15.92%; height: 48px;\">149-176<\/td>\n<\/tr>\n<tr style=\"height: 48px;\">\n<td style=\"width: 84.08%; height: 48px;\"><a href=\"http:\/\/umjetnostrijeci.ffzg.unizg.hr\/wp-content\/uploads\/2022\/12\/UR-2022-02-003-Zeman-za-web.pdf\" target=\"_blank\" rel=\"noopener\">Life Histories\/Itineraries of Things in German and World Literature<\/a><br \/>\n(Article in Croatian, abstract in English) <br \/>\nMirna Zeman (FernUniversit\u00e4t in Hagen, Germany)<\/td>\n<td style=\"width: 15.92%; height: 48px;\">177-198<\/td>\n<\/tr>\n<tr style=\"height: 48px;\">\n<td style=\"width: 84.08%; height: 48px;\"><a href=\"http:\/\/umjetnostrijeci.ffzg.unizg.hr\/wp-content\/uploads\/2022\/12\/UR-2022-02-004-Cvek-za-web.pdf\" target=\"_blank\" rel=\"noopener\">Breece D\u2019J Pancake, Peripheral Modernist<\/a><br \/>\n(Article and abstract in English)<br \/>\nSven Cvek (University of Zagreb)<\/td>\n<td style=\"width: 15.92%; height: 48px;\">199-218<\/td>\n<\/tr>\n<tr style=\"height: 24px;\">\n<td style=\"width: 84.08%; height: 24px;\"><a href=\"http:\/\/umjetnostrijeci.ffzg.unizg.hr\/wp-content\/uploads\/2022\/12\/UR-2022-02-005-Prikaz-Grdesic-za-web.pdf\" target=\"_blank\" rel=\"noopener\">Bakhtin\u2019s Sociological Stylistics of the Novel<\/a><br \/>\nBook review in Croatian: Mihail M. Bahtin, <em>Teorija romana<\/em>, trans. Ivo Alebi\u0107 and Danijela Lugari\u0107 Vukas, Zagreb: Edicije Bo\u017ei\u010devi\u0107, 2019, pp. 661.<br \/>\nMa\u0161a Grde\u0161i\u0107 (University of Zagreb)<\/td>\n<td style=\"width: 15.92%; height: 24px;\">219-225<\/td>\n<\/tr>\n<tr style=\"height: 24px;\">\n<td style=\"width: 84.08%; height: 24px;\"><a href=\"http:\/\/umjetnostrijeci.ffzg.unizg.hr\/wp-content\/uploads\/2022\/12\/UR-2022-02-006-Prikaz-Vojvodic-za-web.pdf\" target=\"_blank\" rel=\"noopener\">Dostoevsky \u2013 A Russian European<\/a><br \/>\nBook review in Croatian: Andr\u00e9 Gide, <em>Dostojevski<\/em>. <em>\u010clanci i kozerije<\/em>, trans. Damjan Lalovi\u0107, Zagreb: Disput, 2022, pp. 286.<br \/>\nJasmina Vojvodi\u0107 (University of Zagreb)<\/td>\n<td style=\"width: 15.92%; height: 24px;\">225-230<\/td>\n<\/tr>\n<tr style=\"height: 24px;\">\n<td style=\"width: 84.08%; height: 24px;\"><a href=\"http:\/\/umjetnostrijeci.ffzg.unizg.hr\/wp-content\/uploads\/2022\/12\/UR-2022-02-007-Prikaz-Ilic-za-web.pdf\" target=\"_blank\" rel=\"noopener\">On Modernism and Avant-garde in Yugoslavia<\/a><br \/>\nBook review in Serbian: Biljana Andonovska, Tomislav Brlek and Adrijana Vidi\u0107 (eds), <em>Modernizam i avangarda u jugoslovenskom kontekstu I\u2013II<\/em>, Beograd: Institut za knji\u017eevnost i umetnost, 2021\/2022, Vol. 1 pp. 222, Vol. 2 pp.188.<br \/>\nAleksandar Ili\u0107 (University of Belgrade)<\/td>\n<td style=\"width: 15.92%; height: 24px;\">230-234<\/td>\n<\/tr>\n<tr style=\"height: 24px;\">\n<td style=\"width: 84.08%; height: 24px;\"><a href=\"http:\/\/umjetnostrijeci.ffzg.unizg.hr\/wp-content\/uploads\/2022\/12\/UR-2022-02-008-Prikaz-Milojevic-za-web.pdf\" target=\"_blank\" rel=\"noopener\">South Slavic Literary Themes in the Context of Literary Theory<\/a><br \/>\nBook review in Montenegrin: Sa\u0161a \u0160mulja, <em>Ju\u017enoslovenske knji\u017eevne teme, interliterarni, intertekstualni i imagolo\u0161ki aspekti,<\/em> Banja Luka: Filolo\u0161ki fakultet, 2021, pp. 191, cyr.<br \/>\nSne\u017eana J. Milojevi\u0107 (Independent scholar, Srbia)<\/td>\n<td style=\"width: 15.92%; height: 24px;\">234-238<\/td>\n<\/tr>\n<tr style=\"height: 24px;\">\n<td style=\"width: 84.08%; height: 24px;\"><a href=\"http:\/\/umjetnostrijeci.ffzg.unizg.hr\/wp-content\/uploads\/2022\/12\/UR-2022-02-009-In-memoriam-Zmegac-Bobinac-za-web.pdf\" target=\"_blank\" rel=\"noopener\">In memoriam. Viktor \u017dmega\u010d (1929\u20132022)<\/a><br \/>\nIn Croatian<br \/>\nMarijan Bobinac (University of Zagreb)<\/td>\n<td style=\"width: 15.92%; height: 24px;\">239-242<\/td>\n<\/tr>\n<tr style=\"height: 24px;\">\n<td style=\"width: 84.08%; height: 24px;\"><a href=\"http:\/\/umjetnostrijeci.ffzg.unizg.hr\/wp-content\/uploads\/2022\/12\/UR-2022-02-010-In-memoriam-Zmegac-Car-za-web.pdf\" target=\"_blank\" rel=\"noopener\">For Professor Viktor \u017dmega\u010d<\/a><br \/>\nIn Croatian<br \/>\nMilka Car (University of Zagreb)<\/td>\n<td style=\"width: 15.92%; height: 24px;\">243-247<\/td>\n<\/tr>\n<\/tbody>\n<\/table>\n<p>&nbsp;<\/p>\n","protected":false},"excerpt":{"rendered":"<p>\u201cI am a Geographer of the Sleeping Kingdom\u201d. Psychopoetics in Vera Pavlova\u2019s Proverochnoe Slovo (Control Word) (2018) (Article in Croatian, abstract in English) Rainer Gr\u00fcbel (University of Oldenburg, Germany) 121-147 Space and Sequence: A Topography of Here (Article and abstract in English) Luka Bekavac (University of Zagreb) 149-176 Life Histories\/Itineraries of Things in German and [&hellip;]<\/p>\n","protected":false},"author":2,"featured_media":0,"parent":490,"menu_order":0,"comment_status":"closed","ping_status":"closed","template":"","meta":{"footnotes":""},"class_list":["post-2273","page","type-page","status-publish","hentry"],"_links":{"self":[{"href":"https:\/\/umjetnostrijeci.ffzg.unizg.hr\/index.php?rest_route=\/wp\/v2\/pages\/2273","targetHints":{"allow":["GET"]}}],"collection":[{"href":"https:\/\/umjetnostrijeci.ffzg.unizg.hr\/index.php?rest_route=\/wp\/v2\/pages"}],"about":[{"href":"https:\/\/umjetnostrijeci.ffzg.unizg.hr\/index.php?rest_route=\/wp\/v2\/types\/page"}],"author":[{"embeddable":true,"href":"https:\/\/umjetnostrijeci.ffzg.unizg.hr\/index.php?rest_route=\/wp\/v2\/users\/2"}],"replies":[{"embeddable":true,"href":"https:\/\/umjetnostrijeci.ffzg.unizg.hr\/index.php?rest_route=%2Fwp%2Fv2%2Fcomments&post=2273"}],"version-history":[{"count":4,"href":"https:\/\/umjetnostrijeci.ffzg.unizg.hr\/index.php?rest_route=\/wp\/v2\/pages\/2273\/revisions"}],"predecessor-version":[{"id":2292,"href":"https:\/\/umjetnostrijeci.ffzg.unizg.hr\/index.php?rest_route=\/wp\/v2\/pages\/2273\/revisions\/2292"}],"up":[{"embeddable":true,"href":"https:\/\/umjetnostrijeci.ffzg.unizg.hr\/index.php?rest_route=\/wp\/v2\/pages\/490"}],"wp:attachment":[{"href":"https:\/\/umjetnostrijeci.ffzg.unizg.hr\/index.php?rest_route=%2Fwp%2Fv2%2Fmedia&parent=2273"}],"curies":[{"name":"wp","href":"https:\/\/api.w.org\/{rel}","templated":true}]}}