{"id":2764,"date":"2023-12-29T19:01:48","date_gmt":"2023-12-29T18:01:48","guid":{"rendered":"https:\/\/umjetnostrijeci.ffzg.unizg.hr\/?page_id=2764"},"modified":"2023-12-29T19:01:48","modified_gmt":"2023-12-29T18:01:49","slug":"2023-lxvii-2","status":"publish","type":"page","link":"https:\/\/umjetnostrijeci.ffzg.unizg.hr\/?page_id=2764&lang=en","title":{"rendered":"2023 (LXVII) 2"},"content":{"rendered":"<table style=\"border-collapse: collapse; width: 100%; height: 336px;\">\n<tbody>\n<tr style=\"height: 48px;\">\n<td style=\"width: 85.7009%; height: 48px;\"><a href=\"http:\/\/umjetnostrijeci.ffzg.unizg.hr\/wp-content\/uploads\/2023\/12\/01-UR-2023-02-Ryle-za-web.pdf\" target=\"_blank\" rel=\"noopener\">Encounters with Xenoflesh<\/a><br \/>\n(Article in Croatian, abstract in Croatian and English)<br \/>\nSimon Ryle (University of Split)<\/td>\n<td style=\"width: 14.2991%; height: 48px;\">105-134<\/td>\n<\/tr>\n<tr style=\"height: 48px;\">\n<td style=\"width: 85.7009%; height: 48px;\"><a href=\"http:\/\/umjetnostrijeci.ffzg.unizg.hr\/wp-content\/uploads\/2023\/12\/02-UR-2023-02-Pugar-za-web.pdf\" target=\"_blank\" rel=\"noopener\">Intermediality in Alasdair Gray\u2019s <em>Lanark<\/em> Film Storyboard<\/a><br \/>\n(Article in English, abstract in English and Croatian)<br \/>\nPetra Pugar (University of Zagreb)<\/td>\n<td style=\"width: 14.2991%; height: 48px;\">135-158<\/td>\n<\/tr>\n<tr style=\"height: 72px;\">\n<td style=\"width: 85.7009%; height: 72px;\"><a href=\"http:\/\/umjetnostrijeci.ffzg.unizg.hr\/wp-content\/uploads\/2023\/12\/03-UR-2023-02-Brkovic-za-web.pdf\" target=\"_blank\" rel=\"noopener\">Natural Disaster as a Cultural Trauma: Poetics and Politics of Emotions in Representations of the 1667 Dubrovnik Earthquake<\/a><br \/>\n(Article in Croatian, abstract in Croatian and English)<br \/>\nIvana Brkovi\u0107 (University of Zagreb)<\/td>\n<td style=\"width: 14.2991%; height: 72px;\">159-185<\/td>\n<\/tr>\n<tr style=\"height: 48px;\">\n<td style=\"width: 85.7009%; height: 48px;\"><a href=\"http:\/\/umjetnostrijeci.ffzg.unizg.hr\/wp-content\/uploads\/2023\/12\/04-UR-2023-02-Aleksic-za-web.pdf\" target=\"_blank\" rel=\"noopener\">The Semantic Function of Verse in Contemporary Italian Versification Theory<\/a><br \/>\n(Article in Serbian, abstract in Serbian and English)<br \/>\nMi\u0161a Aleksi\u0107 (University of Belgrade)<\/td>\n<td style=\"width: 14.2991%; height: 48px;\">187-211<\/td>\n<\/tr>\n<tr style=\"height: 24px;\">\n<td style=\"width: 85.7009%; height: 24px;\"><a href=\"http:\/\/umjetnostrijeci.ffzg.unizg.hr\/wp-content\/uploads\/2023\/12\/05-UR-2023-02-Kovtun-Larina-za-web.pdf\" target=\"_blank\" rel=\"noopener\">Pushkin\u2019s Myth in the Novel <em>The Slynx<\/em> by T. Tolstaya: the Trickster, Buratino and \u201cOur Be All\u201d<\/a><br \/>\n(Article in English, abstract in English and Croatian)<br \/>\nNatalia Kovtun and Maria Larina (Krasnoyarsk State Pedagogical University<br \/>\nnamed after V. P. Astafyev)<\/td>\n<td style=\"width: 14.2991%; height: 24px;\">213-230<\/td>\n<\/tr>\n<tr style=\"height: 24px;\">\n<td style=\"width: 85.7009%; height: 24px;\"><a href=\"http:\/\/umjetnostrijeci.ffzg.unizg.hr\/wp-content\/uploads\/2023\/12\/06-UR-2023-02-Prikaz-Spreicer-za-web.pdf\" target=\"_blank\" rel=\"noopener\">German Poetry from <em>Minnesang<\/em> to the Contemporary Moment<\/a><br \/>\nBook review in Croatian: Ivo Runti\u0107 (ed. and trans), <em>Antologija njema\u010dkoga pjesni\u0161tva<\/em>, prepared by Marijan Bobinac, Zagreb: ArTresor naklada, 2021, pp. 407.<br \/>\nJelena Spreicer (University of Zagreb)<\/td>\n<td style=\"width: 14.2991%; height: 24px;\">231-234<\/td>\n<\/tr>\n<tr style=\"height: 24px;\">\n<td style=\"width: 85.7009%; height: 24px;\"><a href=\"http:\/\/umjetnostrijeci.ffzg.unizg.hr\/wp-content\/uploads\/2023\/12\/07-UR-2023-02-Prikaz-Zima-za-web.pdf\" target=\"_blank\" rel=\"noopener\">A Poet of National Optimism in the Imperial Context<\/a><br \/>\nBook review in Croatian: Milka Car, <em>(Post-)Imperiale Lekt\u00fcren: August \u0160enoas Texte im nationalen und (post-)imperialen Kontext<\/em>, Wien: Praesens Verlag, 2021, pp. 187.<br \/>\nDubravka Zima (University of Zagreb)<\/td>\n<td style=\"width: 14.2991%; height: 24px;\">234-238<\/td>\n<\/tr>\n<tr style=\"height: 24px;\">\n<td style=\"width: 85.7009%; height: 24px;\"><a href=\"http:\/\/umjetnostrijeci.ffzg.unizg.hr\/wp-content\/uploads\/2023\/12\/08-UR-2023-02-Prikaz-Glavas-za-web.pdf\" target=\"_blank\" rel=\"noopener\">Between Emancipatory Potentials and Totalitarian Tendencies: The Fate of a Community as the Fate of Avant-Garde<\/a><br \/>\nBook review in Croatian: Zrinka Bo\u017ei\u0107, <em>The Community in Avant-Garde Literature and Politics<\/em>, London: Palgrave Macmillan, 2022, pp. 183.<br \/>\nZvonimir Glava\u0161 (University of Zagreb)<\/td>\n<td style=\"width: 14.2991%; height: 24px;\">239-243<\/td>\n<\/tr>\n<tr style=\"height: 24px;\">\n<td style=\"width: 85.7009%; height: 24px;\"><a href=\"http:\/\/umjetnostrijeci.ffzg.unizg.hr\/wp-content\/uploads\/2023\/12\/09-UR-2023-02-Prikaz-Sunjic-za-web.pdf\" target=\"_blank\" rel=\"noopener\">A Specialised Study of Poetry and Meta-aesthetic Literary Topics: A Rare and Valuable Contribution to Stylistics and Literary Discourse<\/a><br \/>\nBook review in Croatian: Tin Lemac, <em>O pjesmi pjesmom (Metadiskurzivne relacije u poeziji)<\/em>, Zagreb: Edicije Bo\u017ei\u010devi\u0107, 2023, pp. 148.<br \/>\nIvan \u0160unji\u0107<\/td>\n<td style=\"width: 14.2991%; height: 24px;\">244-248<\/td>\n<\/tr>\n<\/tbody>\n<\/table>\n","protected":false},"excerpt":{"rendered":"<p>Encounters with Xenoflesh (Article in Croatian, abstract in Croatian and English) Simon Ryle (University of Split) 105-134 Intermediality in Alasdair Gray\u2019s Lanark Film Storyboard (Article in English, abstract in English and Croatian) Petra Pugar (University of Zagreb) 135-158 Natural Disaster as a Cultural Trauma: Poetics and Politics of Emotions in Representations of the 1667 Dubrovnik [&hellip;]<\/p>\n","protected":false},"author":2,"featured_media":0,"parent":490,"menu_order":0,"comment_status":"closed","ping_status":"closed","template":"","meta":{"footnotes":""},"class_list":["post-2764","page","type-page","status-publish","hentry"],"_links":{"self":[{"href":"https:\/\/umjetnostrijeci.ffzg.unizg.hr\/index.php?rest_route=\/wp\/v2\/pages\/2764","targetHints":{"allow":["GET"]}}],"collection":[{"href":"https:\/\/umjetnostrijeci.ffzg.unizg.hr\/index.php?rest_route=\/wp\/v2\/pages"}],"about":[{"href":"https:\/\/umjetnostrijeci.ffzg.unizg.hr\/index.php?rest_route=\/wp\/v2\/types\/page"}],"author":[{"embeddable":true,"href":"https:\/\/umjetnostrijeci.ffzg.unizg.hr\/index.php?rest_route=\/wp\/v2\/users\/2"}],"replies":[{"embeddable":true,"href":"https:\/\/umjetnostrijeci.ffzg.unizg.hr\/index.php?rest_route=%2Fwp%2Fv2%2Fcomments&post=2764"}],"version-history":[{"count":1,"href":"https:\/\/umjetnostrijeci.ffzg.unizg.hr\/index.php?rest_route=\/wp\/v2\/pages\/2764\/revisions"}],"predecessor-version":[{"id":2765,"href":"https:\/\/umjetnostrijeci.ffzg.unizg.hr\/index.php?rest_route=\/wp\/v2\/pages\/2764\/revisions\/2765"}],"up":[{"embeddable":true,"href":"https:\/\/umjetnostrijeci.ffzg.unizg.hr\/index.php?rest_route=\/wp\/v2\/pages\/490"}],"wp:attachment":[{"href":"https:\/\/umjetnostrijeci.ffzg.unizg.hr\/index.php?rest_route=%2Fwp%2Fv2%2Fmedia&parent=2764"}],"curies":[{"name":"wp","href":"https:\/\/api.w.org\/{rel}","templated":true}]}}