{"id":2829,"date":"2024-07-08T10:13:48","date_gmt":"2024-07-08T09:13:48","guid":{"rendered":"https:\/\/umjetnostrijeci.ffzg.unizg.hr\/?page_id=2829"},"modified":"2024-07-08T10:36:11","modified_gmt":"2024-07-08T09:36:11","slug":"2024-lxviii-1","status":"publish","type":"page","link":"https:\/\/umjetnostrijeci.ffzg.unizg.hr\/?page_id=2829","title":{"rendered":"2024. (LXVIII) 1"},"content":{"rendered":"<table style=\"border-collapse: collapse; width: 100%; height: 288px;\">\n<tbody>\n<tr style=\"height: 48px;\">\n<td style=\"width: 90%; height: 48px;\"><a href=\"http:\/\/umjetnostrijeci.ffzg.unizg.hr\/wp-content\/uploads\/2024\/07\/UR-2024-01-01-Graonic-za-web.pdf\" target=\"_blank\" rel=\"noopener\"><em>Pod tendom neba, trohejskom bjelinom<\/em>. O (meta)metrici preddrontskih stihova Ivana Slamniga<\/a><br \/>\nMislav Graoni\u0107 (Sveu\u010dili\u0161te u Zagrebu)<\/td>\n<td style=\"width: 10%; height: 48px;\">1-23.<\/td>\n<\/tr>\n<tr style=\"height: 48px;\">\n<td style=\"width: 90%; height: 48px;\"><a href=\"http:\/\/umjetnostrijeci.ffzg.unizg.hr\/wp-content\/uploads\/2024\/07\/UR-2024-01-02-Tomljenovic-za-web.pdf\" target=\"_blank\" rel=\"noopener\">Na mostu rije\u010di: sokrati\u010dki dijalog u Ibsenovu <em>Rosmersholmu<\/em><\/a><em><br \/>\n<\/em>Ana Tomljenovi\u0107 (Sveu\u010dili\u0161te u Zagrebu)<\/td>\n<td style=\"width: 10%; height: 48px;\">25-39.<\/td>\n<\/tr>\n<tr style=\"height: 48px;\">\n<td style=\"width: 90%; height: 48px;\"><a href=\"http:\/\/umjetnostrijeci.ffzg.unizg.hr\/wp-content\/uploads\/2024\/07\/UR-2024-01-03-Tesic-za-web.pdf\" target=\"_blank\" rel=\"noopener\">\u017danrovska polifonija romana <em>Lunar<\/em> Josipa Kulund\u017ei\u0107a<\/a><br \/>\nIva G. Te\u0161i\u0107 (Institut za knji\u017eevnost i umetnost, Beograd)<\/td>\n<td style=\"width: 10%; height: 48px;\">41-64.<\/td>\n<\/tr>\n<tr style=\"height: 48px;\">\n<td style=\"width: 90%; height: 48px;\"><a href=\"http:\/\/umjetnostrijeci.ffzg.unizg.hr\/wp-content\/uploads\/2024\/07\/UR-2024-01-04-Kukavica-za-web.pdf\" target=\"_blank\" rel=\"noopener\">Ameri\u010dka neokonzervativna knji\u017eevna kritika: Irving Kristol i Norman Podhoretz<\/a><br \/>\nSebastian A. Kukavica (Sveu\u010dili\u0161te u Zagrebu)<\/td>\n<td style=\"width: 10%; height: 48px;\">65-89.<\/td>\n<\/tr>\n<tr style=\"height: 24px;\">\n<td style=\"width: 90%; height: 24px;\"><a href=\"http:\/\/umjetnostrijeci.ffzg.unizg.hr\/wp-content\/uploads\/2024\/07\/UR-2024-01-05-Okrugli-stol-za-web.pdf\" target=\"_blank\" rel=\"noopener\">Stota obljetnica Aleksandra Flakera<\/a><br \/>\nOkrugli stol u organizaciji <em>Umjetnosti rije\u010di<\/em>,<\/td>\n<td style=\"width: 10%; height: 24px;\">91-117.<\/td>\n<\/tr>\n<tr style=\"height: 24px;\">\n<td style=\"width: 90%; height: 24px;\"><a href=\"http:\/\/umjetnostrijeci.ffzg.unizg.hr\/wp-content\/uploads\/2024\/07\/UR-2024-01-06-Prikaz-Cale-Feldman-za-web.pdf\" target=\"_blank\" rel=\"noopener\">Meticulous and Intriguing<\/a><br \/>\nPrikaz knjige: Barbara Orel, <em>Prekinitve s tradicijo v slovenskih uprizoritvenih umetnostih 1966-2006<\/em>, Ljubljana: Univerza v Ljubljani, Filozofska fakulteta i Akademija za gledali\u0161\u010de,<br \/>\nradio, film in televizijo, 2023.<br \/>\nLada \u010cale Feldman (Sveu\u010dili\u0161te u Zagrebu)<\/td>\n<td style=\"width: 10%; height: 24px;\">119-122.<\/td>\n<\/tr>\n<tr style=\"height: 24px;\">\n<td style=\"width: 90%; height: 24px;\"><a href=\"http:\/\/umjetnostrijeci.ffzg.unizg.hr\/wp-content\/uploads\/2024\/07\/UR-2024-01-07-Prikaz-Sporer-za-web.pdf\" target=\"_blank\" rel=\"noopener\">Inventura kulturne matrice<\/a><br \/>\nPrikaz knjige: Vivek Chibber,<em> The Class Matrix. Social Theory after the Cultural Turn<\/em>, Cambridge (Massachusetts)\/London: Harvard University Press, 2022.<br \/>\nDavid \u0160porer (Sveu\u010dili\u0161te u Zagrebu)<\/td>\n<td style=\"width: 10%; height: 24px;\">123-127.<\/td>\n<\/tr>\n<tr style=\"height: 24px;\">\n<td style=\"width: 90%; height: 24px;\"><a href=\"http:\/\/umjetnostrijeci.ffzg.unizg.hr\/wp-content\/uploads\/2024\/07\/UR-2024-01-08-In-memoriam-Sesnic-za-web.pdf\" target=\"_blank\" rel=\"noopener\">In memoriam. Gordana Slabinac (1945\u20132023)<\/a><br \/>\nJelena \u0160esni\u0107 (Sveu\u010dili\u0161te u Zagrebu)<\/td>\n<td style=\"width: 10%; height: 24px;\">129-131.<\/td>\n<\/tr>\n<\/tbody>\n<\/table>\n","protected":false},"excerpt":{"rendered":"<p>Pod tendom neba, trohejskom bjelinom. O (meta)metrici preddrontskih stihova Ivana Slamniga Mislav Graoni\u0107 (Sveu\u010dili\u0161te u Zagrebu) 1-23. Na mostu rije\u010di: sokrati\u010dki dijalog u Ibsenovu Rosmersholmu Ana Tomljenovi\u0107 (Sveu\u010dili\u0161te u Zagrebu) 25-39. \u017danrovska polifonija romana Lunar Josipa Kulund\u017ei\u0107a Iva G. Te\u0161i\u0107 (Institut za knji\u017eevnost i umetnost, Beograd) 41-64. Ameri\u010dka neokonzervativna knji\u017eevna kritika: Irving Kristol i Norman [&hellip;]<\/p>\n","protected":false},"author":2,"featured_media":0,"parent":228,"menu_order":0,"comment_status":"closed","ping_status":"closed","template":"","meta":{"footnotes":""},"class_list":["post-2829","page","type-page","status-publish","hentry"],"_links":{"self":[{"href":"https:\/\/umjetnostrijeci.ffzg.unizg.hr\/index.php?rest_route=\/wp\/v2\/pages\/2829","targetHints":{"allow":["GET"]}}],"collection":[{"href":"https:\/\/umjetnostrijeci.ffzg.unizg.hr\/index.php?rest_route=\/wp\/v2\/pages"}],"about":[{"href":"https:\/\/umjetnostrijeci.ffzg.unizg.hr\/index.php?rest_route=\/wp\/v2\/types\/page"}],"author":[{"embeddable":true,"href":"https:\/\/umjetnostrijeci.ffzg.unizg.hr\/index.php?rest_route=\/wp\/v2\/users\/2"}],"replies":[{"embeddable":true,"href":"https:\/\/umjetnostrijeci.ffzg.unizg.hr\/index.php?rest_route=%2Fwp%2Fv2%2Fcomments&post=2829"}],"version-history":[{"count":4,"href":"https:\/\/umjetnostrijeci.ffzg.unizg.hr\/index.php?rest_route=\/wp\/v2\/pages\/2829\/revisions"}],"predecessor-version":[{"id":2838,"href":"https:\/\/umjetnostrijeci.ffzg.unizg.hr\/index.php?rest_route=\/wp\/v2\/pages\/2829\/revisions\/2838"}],"up":[{"embeddable":true,"href":"https:\/\/umjetnostrijeci.ffzg.unizg.hr\/index.php?rest_route=\/wp\/v2\/pages\/228"}],"wp:attachment":[{"href":"https:\/\/umjetnostrijeci.ffzg.unizg.hr\/index.php?rest_route=%2Fwp%2Fv2%2Fmedia&parent=2829"}],"curies":[{"name":"wp","href":"https:\/\/api.w.org\/{rel}","templated":true}]}}