{"id":3184,"date":"2025-12-20T18:05:03","date_gmt":"2025-12-20T17:05:03","guid":{"rendered":"https:\/\/umjetnostrijeci.ffzg.unizg.hr\/?page_id=3184"},"modified":"2025-12-20T18:16:26","modified_gmt":"2025-12-20T17:16:26","slug":"2025-lxix-2","status":"publish","type":"page","link":"https:\/\/umjetnostrijeci.ffzg.unizg.hr\/?page_id=3184&lang=en","title":{"rendered":"2025 (LXIX) 2"},"content":{"rendered":"<table style=\"border-collapse: collapse; width: 100%; height: 648px;\">\n<tbody>\n<tr style=\"height: 24px;\">\n<td style=\"width: 89.36%; height: 24px;\"><a href=\"http:\/\/umjetnostrijeci.ffzg.unizg.hr\/wp-content\/uploads\/2025\/12\/01-UR-2025-02-Sijakovic-za-web.pdf\" target=\"_blank\" rel=\"noopener\">Distribution of Critical Authority \u2013 Evaluation of Literature on Social Media<\/a><br \/>\n(Article in Croatian, abstract in Croatian and English)<br \/>\nTerezija \u0160ijakovi\u0107 Bo\u0161kovi\u0107 (University of Zagreb)<\/td>\n<td style=\"width: 10.64%; height: 24px;\">203-225<\/td>\n<\/tr>\n<tr style=\"height: 24px;\">\n<td style=\"width: 89.36%; height: 24px;\"><a href=\"http:\/\/umjetnostrijeci.ffzg.unizg.hr\/wp-content\/uploads\/2025\/12\/02-UR-2025-02-Diachuk-et-al-za-web.pdf\" target=\"_blank\" rel=\"noopener\">Marko Vovchok as a Cultural Mediator: A State-of-the-Art Review<\/a><br \/>\n(Article in English, abstract in English and Croatian)<br \/>\nLiudmyla Diachuk, Olga Gortchanina and Anne Delizee (University of Mons, Belgium)<\/td>\n<td style=\"width: 10.64%; height: 24px;\">227-256<\/td>\n<\/tr>\n<tr style=\"height: 24px;\">\n<td style=\"width: 89.36%; height: 24px;\"><a href=\"http:\/\/umjetnostrijeci.ffzg.unizg.hr\/wp-content\/uploads\/2025\/12\/03-UR-2025-02-Kolanovic-et-al-web.pdf\" target=\"_blank\" rel=\"noopener\">Cuts, Stitches, and the Weaving of Theory: A Preface to the Thematic Section on Dubravka Ugre\u0161i\u0107<\/a><br \/>\nPreface in Croatian<br \/>\nMa\u0161a Kolanovi\u0107, Danijela Vugari\u0107 Lukas and Anera Ryznar (University of Zagreb)<\/td>\n<td style=\"width: 10.64%; height: 24px;\">257-259<\/td>\n<\/tr>\n<tr style=\"height: 24px;\">\n<td style=\"width: 89.36%; height: 24px;\"><a href=\"http:\/\/umjetnostrijeci.ffzg.unizg.hr\/wp-content\/uploads\/2025\/12\/04-UR-2025-02-Lukic-za-web.pdf\" target=\"_blank\" rel=\"noopener\">Between Zagreb, Berlin, and Amsterdam: Dubravka Ugre\u0161i\u0107 as a Translocal Writer<\/a><br \/>\n(Article in English, abstract in English and Croatian)<br \/>\nJasmina Luki\u0107 (Central European University, Vienna)<\/td>\n<td style=\"width: 10.64%; height: 24px;\">261-280<\/td>\n<\/tr>\n<tr style=\"height: 24px;\">\n<td style=\"width: 89.36%; height: 24px;\"><a href=\"http:\/\/umjetnostrijeci.ffzg.unizg.hr\/wp-content\/uploads\/2025\/12\/05-UR-2025-02-Pusenjak-za-web.pdf\" target=\"_blank\" rel=\"noopener\">Amerika \u2013 Berlin \u2013 Amsterdam: Spatial Dimensions in Dubravka Ugre\u0161i\u0107\u2019s Work<\/a><br \/>\n(Article in Croatian, abstract in Croatian and English)<br \/>\nLara Pu\u0161enjak (University of Zagreb)<\/td>\n<td style=\"width: 10.64%; height: 24px;\">281-296<\/td>\n<\/tr>\n<tr style=\"height: 24px;\">\n<td style=\"width: 89.36%; height: 24px;\"><a href=\"http:\/\/umjetnostrijeci.ffzg.unizg.hr\/wp-content\/uploads\/2025\/12\/06-UR-2025-02-Ivic-za-web.pdf\" target=\"_blank\" rel=\"noopener\">Ophiopolitics. Dubravka Ugre\u0161i\u0107\u2019s <em>Fording the Stream of Consciousness<\/em><\/a><br \/>\n(Article in Croatian, abstract in Croatian and English)<br \/>\nNenad Ivi\u0107 (University of Zagreb)<\/td>\n<td style=\"width: 10.64%; height: 24px;\">297-306<\/td>\n<\/tr>\n<tr style=\"height: 24px;\">\n<td style=\"width: 89.36%; height: 24px;\"><a href=\"http:\/\/umjetnostrijeci.ffzg.unizg.hr\/wp-content\/uploads\/2025\/12\/07-UR-2025-02-Dakic-za-web.pdf\" target=\"_blank\" rel=\"noopener\">The Politics of Genre \u2013 In Her Own Way<\/a><br \/>\n(Article in Croatian, abstract in Croatian and English)<br \/>\nMirela Daki\u0107 (University of Zagreb)<\/td>\n<td style=\"width: 10.64%; height: 24px;\">207-322<\/td>\n<\/tr>\n<tr style=\"height: 24px;\">\n<td style=\"width: 89.36%; height: 24px;\"><a href=\"http:\/\/umjetnostrijeci.ffzg.unizg.hr\/wp-content\/uploads\/2025\/12\/08-UR-2025-02-Protrka-za-web.pdf\" target=\"_blank\" rel=\"noopener\">Dubravka Ugre\u0161i\u0107\u2019s Avant-Garde<em> M\u00e9taterxies<\/em><\/a><br \/>\n(Article in Croatian, abstract in Croatian and English)<br \/>\nMarina Protrka \u0160timec (University of Zagreb)<\/td>\n<td style=\"width: 10.64%; height: 24px;\">323-336<\/td>\n<\/tr>\n<tr style=\"height: 24px;\">\n<td style=\"width: 89.36%; height: 24px;\"><a href=\"http:\/\/umjetnostrijeci.ffzg.unizg.hr\/wp-content\/uploads\/2025\/12\/09-UR-2025-02-Kolanovic-za-web.pdf\" target=\"_blank\" rel=\"noopener\">What Was Yugoslav Socialism and What Comes After? Dubravka Ugre\u0161i\u0107 and the Social Knowledge of Literature<\/a><br \/>\n(Article in Croatian, abstract in Croatian and English)<br \/>\nMa\u0161a Kolanovi\u0107 (University of Zagreb)<\/td>\n<td style=\"width: 10.64%; height: 24px;\">337-356<\/td>\n<\/tr>\n<tr style=\"height: 24px;\">\n<td style=\"width: 89.36%; height: 24px;\"><a href=\"http:\/\/umjetnostrijeci.ffzg.unizg.hr\/wp-content\/uploads\/2025\/12\/10-UR-2025-02-Prikaz-Bencic-za-web.pdf\" target=\"_blank\" rel=\"noopener\">Platonov \u2013 An \u201cAbsurdist\u201d in Spite of Himself<\/a><br \/>\nBook review in Croatian: H. G\u00fcnther, <em>Andrej Platonov und das Absurde, <\/em>Frank&amp;Timme Verlag f\u00fcr wissenschaftliche Literatur, 2024.<br \/>\n\u017diva Ben\u010di\u0107 (University of Zagreb)<\/td>\n<td style=\"width: 10.64%; height: 24px;\">357-361<\/td>\n<\/tr>\n<tr style=\"height: 192px;\">\n<td style=\"width: 89.36%; height: 168px;\"><a href=\"http:\/\/umjetnostrijeci.ffzg.unizg.hr\/wp-content\/uploads\/2025\/12\/11-UR-2025-02-Prikaz-Wawrzynczak-za-web.pdf\" target=\"_blank\" rel=\"noopener\">Viktor Astafyev through the Lens of Past and Present Research. Two Issues in Honour of the Centenary of the Writer\u2019s Birth<\/a><br \/>\nBook reviews in English: N. S. Tsvetova (ed), <em>V. P. Astaf\u2019ev: Pro et contra. Lichnost\u2019 i ideinokhudozhestvennoe nasledie V. P. Astaf\u2019eva v otsenkakh otechestvennykh i zarubezhnykh issledovatelei. Antologiia, <\/em>Sankt-Peterburg: Iz-dvo RKhGA, 2024; and N. V. Kovtun (ed), E<em>kho Astaf\u2019eva; aktual\u2019nost\u2019 tvorcheskogo naslediia. K 100-letiiu sodnia rozhdeniia pisatelia, <\/em>Sankt-Peterburg: Izd-vo RKhGA, 2024.<br \/>\nAleksander Wawrzy\u0144czak (Jagiellonian University in Krakow, Poland)<\/td>\n<td style=\"width: 10.64%; height: 168px;\">361-367<\/td>\n<\/tr>\n<tr style=\"height: 24px;\">\n<td style=\"width: 89.36%; height: 24px;\"><a href=\"http:\/\/umjetnostrijeci.ffzg.unizg.hr\/wp-content\/uploads\/2025\/12\/12-UR-2025-02-Prikaz-Vojvodic-za-web.pdf\" target=\"_blank\" rel=\"noopener\">Dostoevsky\u2019s Contradictory Heroes<\/a><br \/>\nBook review in Croatian: Jovan Popov, <em>Gordi i ponizni. Paradoksalisti Fjodora Dostojevskog<\/em>, Beograd: Srpska knji\u017eevna zadruga, 2024.<br \/>\nJasmina Vojvodi\u0107 (University of Zagreb)<\/td>\n<td style=\"width: 10.64%; height: 24px;\">367-372<\/td>\n<\/tr>\n<tr style=\"height: 72px;\">\n<td style=\"width: 89.36%; height: 72px;\"><a href=\"http:\/\/umjetnostrijeci.ffzg.unizg.hr\/wp-content\/uploads\/2025\/12\/13-UR-2025-02-Prikaz-Perusko-za-web.pdf\" target=\"_blank\" rel=\"noopener\">One Could Ignore Tarzan [\u2026] but It Would Be Stupid<\/a><br \/>\nBook review in English: Riccardo Nicolosi and Brigitte Obarmayr (eds), <em>Narratives in the Early Soviet Union<\/em>, Boston: Academic Studies Press, 2024.<br \/>\nIvana Peru\u0161ko (University of Zagreb)<\/td>\n<td style=\"width: 10.64%; height: 72px;\">372-376<\/td>\n<\/tr>\n<tr style=\"height: 72px;\">\n<td style=\"width: 89.36%; height: 72px;\"><a href=\"http:\/\/umjetnostrijeci.ffzg.unizg.hr\/wp-content\/uploads\/2025\/12\/14-UR-2025-02-In-memoriam-Badurina-za-web.pdf\" target=\"_blank\" rel=\"noopener\">Milivoj Solar (1936\u20132025)<\/a><br \/>\nIn memoriam in Croatian<br \/>\nNatka Badurina (University of Udine)<\/td>\n<td style=\"width: 10.64%; height: 72px;\">377-382<\/td>\n<\/tr>\n<tr style=\"height: 72px;\">\n<td style=\"width: 89.36%; height: 72px;\"><a href=\"http:\/\/umjetnostrijeci.ffzg.unizg.hr\/wp-content\/uploads\/2025\/12\/15-UR-2025-02-In-memoriam-Kovac-za-web.pdf\" target=\"_blank\" rel=\"noopener\">Reinhard Lauer (1936\u20132025)<\/a><br \/>\nIn memoriam in Croatian<br \/>\nZvonko Kova\u010d (University of Zagreb)<\/td>\n<td style=\"width: 10.64%; height: 72px;\">383-386<\/td>\n<\/tr>\n<\/tbody>\n<\/table>\n","protected":false},"excerpt":{"rendered":"<p>Distribution of Critical Authority \u2013 Evaluation of Literature on Social Media (Article in Croatian, abstract in Croatian and English) Terezija \u0160ijakovi\u0107 Bo\u0161kovi\u0107 (University of Zagreb) 203-225 Marko Vovchok as a Cultural Mediator: A State-of-the-Art Review (Article in English, abstract in English and Croatian) Liudmyla Diachuk, Olga Gortchanina and Anne Delizee (University of Mons, Belgium) 227-256 [&hellip;]<\/p>\n","protected":false},"author":2,"featured_media":0,"parent":490,"menu_order":0,"comment_status":"closed","ping_status":"closed","template":"","meta":{"footnotes":""},"class_list":["post-3184","page","type-page","status-publish","hentry"],"_links":{"self":[{"href":"https:\/\/umjetnostrijeci.ffzg.unizg.hr\/index.php?rest_route=\/wp\/v2\/pages\/3184","targetHints":{"allow":["GET"]}}],"collection":[{"href":"https:\/\/umjetnostrijeci.ffzg.unizg.hr\/index.php?rest_route=\/wp\/v2\/pages"}],"about":[{"href":"https:\/\/umjetnostrijeci.ffzg.unizg.hr\/index.php?rest_route=\/wp\/v2\/types\/page"}],"author":[{"embeddable":true,"href":"https:\/\/umjetnostrijeci.ffzg.unizg.hr\/index.php?rest_route=\/wp\/v2\/users\/2"}],"replies":[{"embeddable":true,"href":"https:\/\/umjetnostrijeci.ffzg.unizg.hr\/index.php?rest_route=%2Fwp%2Fv2%2Fcomments&post=3184"}],"version-history":[{"count":3,"href":"https:\/\/umjetnostrijeci.ffzg.unizg.hr\/index.php?rest_route=\/wp\/v2\/pages\/3184\/revisions"}],"predecessor-version":[{"id":3191,"href":"https:\/\/umjetnostrijeci.ffzg.unizg.hr\/index.php?rest_route=\/wp\/v2\/pages\/3184\/revisions\/3191"}],"up":[{"embeddable":true,"href":"https:\/\/umjetnostrijeci.ffzg.unizg.hr\/index.php?rest_route=\/wp\/v2\/pages\/490"}],"wp:attachment":[{"href":"https:\/\/umjetnostrijeci.ffzg.unizg.hr\/index.php?rest_route=%2Fwp%2Fv2%2Fmedia&parent=3184"}],"curies":[{"name":"wp","href":"https:\/\/api.w.org\/{rel}","templated":true}]}}