{"id":444,"date":"2013-06-03T16:06:52","date_gmt":"2013-06-03T15:06:52","guid":{"rendered":"http:\/\/www.ffzg.unizg.hr\/umjetnostrijeci\/?page_id=444"},"modified":"2013-07-14T15:11:38","modified_gmt":"2013-07-14T14:11:38","slug":"2002-xlvi-br-1-2","status":"publish","type":"page","link":"https:\/\/umjetnostrijeci.ffzg.unizg.hr\/?page_id=444","title":{"rendered":"2002. (XLVI) Br. 1&#8211;2"},"content":{"rendered":"<table border=\"0\">\n<tbody>\n<tr>\n<td><a href=\"http:\/\/www.ffzg.unizg.hr\/umjetnostrijeci\/wp-content\/uploads\/2013\/06\/01_Beker.pdf\" target=\"_blank\">O recepciji Aristotelove<em> Poetike<\/em><\/a><br \/>Miroslav Beker (Filozofski fakultet, Zagreb)<\/td>\n<td>1&#8211;19.<\/td>\n<\/tr>\n<tr>\n<td><a href=\"http:\/\/www.ffzg.unizg.hr\/umjetnostrijeci\/wp-content\/uploads\/2013\/06\/02_Crnojevic-Caric.pdf\" target=\"_blank\">Citatna polifonija u jednoj hrvatskoj \u0161kolskoj drami<\/a><br \/>Dubravka Crnojevi\u0107-Cari\u0107 (Akademija dramskih umjetnosti, Zagreb)<\/td>\n<td>21&#8211;40.<\/td>\n<\/tr>\n<tr>\n<td><a href=\"http:\/\/www.ffzg.unizg.hr\/umjetnostrijeci\/wp-content\/uploads\/2013\/06\/03_Biletic.pdf\" target=\"_blank\">Antun Kalac i njegov hrvatski prepjev Rapicijeve poeme <em>Histria<\/em><\/a><br \/>Boris Bileti\u0107 (Rovinj)<\/td>\n<td>41&#8211;58.<\/td>\n<\/tr>\n<tr>\n<td><a href=\"http:\/\/www.ffzg.unizg.hr\/umjetnostrijeci\/wp-content\/uploads\/2013\/06\/04_Falisevac.pdf\" target=\"_blank\">Baladeskne pjesme Vladimira Vidri\u0107a<\/a><br \/>Dunja Fali\u0161evac (Filozofski fakultet, Zagreb)<\/td>\n<td>59&#8211;77.<\/td>\n<\/tr>\n<tr>\n<td><a href=\"http:\/\/www.ffzg.unizg.hr\/umjetnostrijeci\/wp-content\/uploads\/2013\/06\/05_Lauer.pdf\" target=\"_blank\">Ekspresionisti\u010dka metapoezija u Krle\u017einim ranim pjesmama<\/a><br \/>Reinhard Lauer (Institut za slavistiku, G\u00f6ttingen)<\/td>\n<td>79&#8211;86.<\/td>\n<\/tr>\n<tr>\n<td><a href=\"http:\/\/www.ffzg.unizg.hr\/umjetnostrijeci\/wp-content\/uploads\/2013\/06\/06_Gjurgjan.pdf\" target=\"_blank\">W. B. Yeats i dekadentizam<\/a><br \/>Ljiljana Ina Gjurgjan (Filozofski fakultet, Zagreb)<\/td>\n<td>87&#8211;97.<\/td>\n<\/tr>\n<tr>\n<td><a href=\"http:\/\/www.ffzg.unizg.hr\/umjetnostrijeci\/wp-content\/uploads\/2013\/06\/07_Zalar.pdf\" target=\"_blank\">Mitolo\u0161ka bi\u0107a hrvatske umjetni\u010dke proze za djecu i mlade\u017e<\/a><br \/>Diana Zalar (U\u010diteljska akademija, Zagreb)<\/td>\n<td>99&#8211;117.<\/td>\n<\/tr>\n<tr>\n<td><a href=\"http:\/\/www.ffzg.unizg.hr\/umjetnostrijeci\/wp-content\/uploads\/2013\/06\/08_Lescic.pdf\" target=\"_blank\">Knji\u017eevnopovijesni i knji\u017eevnoteorijski prilozi u izdanjima Hrvatske akademije znanosti i umjetnosti: 1990&#8211;2000.<\/a><br \/>Jelica Le\u0161\u010di\u0107 (Knji\u017enica HAZU, Zagreb)<\/td>\n<td>119&#8211;139.<\/td>\n<\/tr>\n<\/tbody>\n<\/table>\n","protected":false},"excerpt":{"rendered":"<p>O recepciji Aristotelove PoetikeMiroslav Beker (Filozofski fakultet, Zagreb) 1&#8211;19. Citatna polifonija u jednoj hrvatskoj \u0161kolskoj dramiDubravka Crnojevi\u0107-Cari\u0107 (Akademija dramskih umjetnosti, Zagreb) 21&#8211;40. Antun Kalac i njegov hrvatski prepjev Rapicijeve poeme HistriaBoris Bileti\u0107 (Rovinj) 41&#8211;58. Baladeskne pjesme Vladimira Vidri\u0107aDunja Fali\u0161evac (Filozofski fakultet, Zagreb) 59&#8211;77. Ekspresionisti\u010dka metapoezija u Krle\u017einim ranim pjesmamaReinhard Lauer (Institut za slavistiku, G\u00f6ttingen) 79&#8211;86. [&hellip;]<\/p>\n","protected":false},"author":2,"featured_media":0,"parent":228,"menu_order":0,"comment_status":"closed","ping_status":"open","template":"","meta":{"footnotes":""},"class_list":["post-444","page","type-page","status-publish","hentry"],"_links":{"self":[{"href":"https:\/\/umjetnostrijeci.ffzg.unizg.hr\/index.php?rest_route=\/wp\/v2\/pages\/444","targetHints":{"allow":["GET"]}}],"collection":[{"href":"https:\/\/umjetnostrijeci.ffzg.unizg.hr\/index.php?rest_route=\/wp\/v2\/pages"}],"about":[{"href":"https:\/\/umjetnostrijeci.ffzg.unizg.hr\/index.php?rest_route=\/wp\/v2\/types\/page"}],"author":[{"embeddable":true,"href":"https:\/\/umjetnostrijeci.ffzg.unizg.hr\/index.php?rest_route=\/wp\/v2\/users\/2"}],"replies":[{"embeddable":true,"href":"https:\/\/umjetnostrijeci.ffzg.unizg.hr\/index.php?rest_route=%2Fwp%2Fv2%2Fcomments&post=444"}],"version-history":[{"count":7,"href":"https:\/\/umjetnostrijeci.ffzg.unizg.hr\/index.php?rest_route=\/wp\/v2\/pages\/444\/revisions"}],"predecessor-version":[{"id":542,"href":"https:\/\/umjetnostrijeci.ffzg.unizg.hr\/index.php?rest_route=\/wp\/v2\/pages\/444\/revisions\/542"}],"up":[{"embeddable":true,"href":"https:\/\/umjetnostrijeci.ffzg.unizg.hr\/index.php?rest_route=\/wp\/v2\/pages\/228"}],"wp:attachment":[{"href":"https:\/\/umjetnostrijeci.ffzg.unizg.hr\/index.php?rest_route=%2Fwp%2Fv2%2Fmedia&parent=444"}],"curies":[{"name":"wp","href":"https:\/\/api.w.org\/{rel}","templated":true}]}}