{"id":65,"date":"2013-03-01T20:42:44","date_gmt":"2013-03-01T19:42:44","guid":{"rendered":"http:\/\/www.ffzg.unizg.hr\/umjetnostrijeci\/?page_id=65"},"modified":"2025-12-20T09:32:05","modified_gmt":"2025-12-20T08:32:05","slug":"impressum","status":"publish","type":"page","link":"https:\/\/umjetnostrijeci.ffzg.unizg.hr\/?page_id=65","title":{"rendered":"Impressum"},"content":{"rendered":"<p><span style=\"font-size: small; font-family: trebuchet ms,geneva;\"><span style=\"color: #c0c0c0;\">_________________________________________________________________________________________<\/span><br \/>\n<strong>Umjetnost rije\u010di<\/strong><\/span><br \/>\n<strong><span style=\"font-size: small; font-family: trebuchet ms,geneva;\">\u010casopis za znanost o knji\u017eevnosti, izvedbenoj umjetnosti i filmu<\/span><\/strong><\/p>\n<p><strong><span style=\"font-size: small; font-family: trebuchet ms,geneva;\">U\u010destalost izla\u017eenja: 2 broja godi\u0161nje<\/span><\/strong><br \/>\n<strong><span style=\"font-size: small; font-family: trebuchet ms,geneva;\">ISSN: 0503-1583 (Tisak)<br \/>\nISSN: 1849-1693 (Online)<\/span><\/strong><br \/>\n<strong><span style=\"font-size: small; font-family: trebuchet ms,geneva;\">UDK 82.091+820](05)<\/span><\/strong><br \/>\n<strong><span style=\"font-size: small; font-family: trebuchet ms,geneva;\">Izdava\u010d: Hrvatsko filolo\u0161ko dru\u0161tvo Zagreb<br \/>\n<\/span><\/strong><\/p>\n<p style=\"text-align: justify;\"><strong><span style=\"font-size: small; font-family: trebuchet ms,geneva;\">Podru\u010dja pokrivanja: humanisti\u010dke znanosti &#8211; polje filologije (teorija i povijest knji\u017eevnosti, poredbena knji\u017eevnost) i znanosti o umjetnosti (teatrologija i dramatologija, filmologija).<\/span><\/strong><span style=\"color: #808080;\"><strong><span style=\"font-size: small; font-family: trebuchet ms,geneva;\"><br \/>\n<\/span><\/strong><\/span><\/p>\n<p style=\"text-align: justify;\"><span style=\"font-size: small; font-family: trebuchet ms,geneva;\"><strong>Otvoreni pristup i indeksiranost:<br \/>\nSCOPUS<br \/>\n<\/strong><\/span><span style=\"font-family: trebuchet ms,geneva;\"><strong><span style=\"font-size: small;\">HR\u010cAK (A1 \u010dasopis u Hrvatskoj)<br \/>\nERIH PLUS<br \/>\nDOAJ<br \/>\nDOAS<br \/>\nDOI<br \/>\nCrossref<br \/>\nCEEOL<br \/>\nEBSCO<br \/>\nJisc<br \/>\nROAD Directory of Open Access Scholarly Resources <br \/>\nModern Language Association (MLA) Periodicals Directory<br \/>\nBrill Linguistic Bibliography<br \/>\nANVUR (A1 \u010dasopis u Italiji)<\/span><\/strong><\/span><\/p>\n<p><strong><span style=\"font-family: trebuchet ms,geneva;\"><span style=\"font-size: small;\">\u010casopis se objavljuje uz nov\u010danu potporu Ministarstva znanosti, obrazovanja i mladih RH.<\/span><\/span><\/strong><br \/>\n<span style=\"color: #c0c0c0;\">________________________________________________________________________________________<\/span><\/p>\n","protected":false},"excerpt":{"rendered":"<p>_________________________________________________________________________________________ Umjetnost rije\u010di \u010casopis za znanost o knji\u017eevnosti, izvedbenoj umjetnosti i filmu U\u010destalost izla\u017eenja: 2 broja godi\u0161nje ISSN: 0503-1583 (Tisak) ISSN: 1849-1693 (Online) UDK 82.091+820](05) Izdava\u010d: Hrvatsko filolo\u0161ko dru\u0161tvo Zagreb Podru\u010dja pokrivanja: humanisti\u010dke znanosti &#8211; polje filologije (teorija i povijest knji\u017eevnosti, poredbena knji\u017eevnost) i znanosti o umjetnosti (teatrologija i dramatologija, filmologija). Otvoreni pristup i indeksiranost: [&hellip;]<\/p>\n","protected":false},"author":2,"featured_media":0,"parent":0,"menu_order":0,"comment_status":"closed","ping_status":"open","template":"","meta":{"footnotes":""},"class_list":["post-65","page","type-page","status-publish","hentry"],"_links":{"self":[{"href":"https:\/\/umjetnostrijeci.ffzg.unizg.hr\/index.php?rest_route=\/wp\/v2\/pages\/65","targetHints":{"allow":["GET"]}}],"collection":[{"href":"https:\/\/umjetnostrijeci.ffzg.unizg.hr\/index.php?rest_route=\/wp\/v2\/pages"}],"about":[{"href":"https:\/\/umjetnostrijeci.ffzg.unizg.hr\/index.php?rest_route=\/wp\/v2\/types\/page"}],"author":[{"embeddable":true,"href":"https:\/\/umjetnostrijeci.ffzg.unizg.hr\/index.php?rest_route=\/wp\/v2\/users\/2"}],"replies":[{"embeddable":true,"href":"https:\/\/umjetnostrijeci.ffzg.unizg.hr\/index.php?rest_route=%2Fwp%2Fv2%2Fcomments&post=65"}],"version-history":[{"count":36,"href":"https:\/\/umjetnostrijeci.ffzg.unizg.hr\/index.php?rest_route=\/wp\/v2\/pages\/65\/revisions"}],"predecessor-version":[{"id":3146,"href":"https:\/\/umjetnostrijeci.ffzg.unizg.hr\/index.php?rest_route=\/wp\/v2\/pages\/65\/revisions\/3146"}],"wp:attachment":[{"href":"https:\/\/umjetnostrijeci.ffzg.unizg.hr\/index.php?rest_route=%2Fwp%2Fv2%2Fmedia&parent=65"}],"curies":[{"name":"wp","href":"https:\/\/api.w.org\/{rel}","templated":true}]}}